{"id":960,"date":"2013-03-10T08:00:57","date_gmt":"2013-03-10T08:00:57","guid":{"rendered":"http:\/\/dreptroman.ro\/?page_id=960"},"modified":"2026-02-23T16:14:47","modified_gmt":"2026-02-23T13:14:47","slug":"programare-cursuri","status":"publish","type":"page","link":"https:\/\/dreptroman.ro\/?page_id=960","title":{"rendered":"Programare cursuri"},"content":{"rendered":"<p>&nbsp;<\/p>\n<p>Urm\u0103ri\u021bi aceast\u0103 pagin\u0103, cuprinde tematica actualizat\u0103 a cursurilor \u0219i seminarelor!<\/p>\n<p><strong>Curs 1 (23.II)<\/strong> &#8211; <strong>Introducere\u00a0\u0219i\u00a0organizare<\/strong><\/p>\n<p>Locul dreptului succesoral &#8211; Tendin\u021bele recente &#8211; Modul de tratare a problematicii<\/p>\n<p><strong>Curs 2 (2.III)<\/strong>\u00a0&#8211;\u00a0<b>Codul civil \u2013 origine,\u00a0concep\u021bie, impact\u00a0\u0219i\u00a0evolu\u021bie<\/b><\/p>\n<p>Perceperea corect\u0103 \u015fi complet\u0103 a reglement\u0103rilor, precum\u00a0\u0219i\u00a0sesizarea posibilelor interpret\u0103ri actuale este\u00a0condi\u021bionat\u0103\u00a0de\u00a0\u00een\u021belegerea\u00a0felului \u00een care au ap\u0103rut. Cursul de deschidere va urm\u0103ri astfel: ce este codificarea? Cum au ap\u0103rut, ce au urm\u0103rit \u015fi care a fost impactul social al codurilor? Se va urm\u0103ri pentru aceasta codul civil rom\u00e2n, \u00een paralel cu modelul s\u0103u \u2013 Codul Napol\u00e9on.<\/p>\n<p><b style=\"font-size: 13px;\">Bibliografie:<\/b><\/p>\n<p>&#8211; M. Boc\u015fan, <i>Problema codific\u0103rii civile \u00een Rom\u00e2nia \u2013 repere pentru revizuirea codului civil<\/i>, \u201ePandectele Rom\u00e2ne\u201d nr. 1\/2003;<\/p>\n<p>&#8211; id., <i>Dimitrie Alexandresco<\/i>, \u201ePandectele Rom\u00e2ne\u201d nr. 4\/2005, p. 250-256;<\/p>\n<p><span style=\"line-height: 1.5em;\">&#8211; M. Nicolae,\u00a0<\/span><em style=\"line-height: 1.5em;\">Introducere\u00a0<\/em><span style=\"line-height: 1.5em;\">\u0219i\u00a0<\/span><em style=\"line-height: 1.5em;\">Elaborarea noului cod civil<\/em><span style=\"line-height: 1.5em;\">,\u00a0\u00een\u00a0<\/span><em style=\"line-height: 1.5em;\">Codex iuris civilis. Tomul I. Noul cod civil &#8211;\u00a0edi\u021bie\u00a0critic<i>\u0103<\/i><\/em><span style=\"line-height: 1.5em;\">, Universul juridic,\u00a0Bucure\u0219ti, 2012, pp. XXIII-CII<\/span><\/p>\n<p>&#8211;\u00a0M.D. Bob, <em>Manual de succesiuni \u0219i liberalit\u0103\u021bi<\/em>, UJ 2025, pp. 25-29<\/p>\n<p>&#8211; M.D. Bob, <em>Despre precedentul judiciar \u015fi valoarea sa de izvor de drept, <\/em>\u00een RNSJ 2009, http:\/\/www.juridice.ro\/39497\/despre-precedentul-judiciar-si-valoarea-sa-de-izvor-de-drept.html<\/p>\n<p><span style=\"text-decoration: underline;\">facultativ<\/span>:<\/p>\n<p>&#8211; id., <i>Le Code Napol\u00e9on en Roumanie au si\u00e8cle dernier<\/i>, \u00een \u201eRevue internationale de droit compar\u00e9\u201d nr. 2\/2004, p. 440-446<\/p>\n<p>&#8211; M. Nicolae, M.D. Bob,\u00a0<em>La recodification du droit civil roumain en\u00a0qu\u00eate\u00a0de\u00a0<\/em><i>mod\u00e8le<\/i>, in SUBB 2\/2008, p. 115-121;<\/p>\n<p><strong>Curs 3 (9.III)<\/strong> &#8211; <strong>Devolu\u021biunea<\/strong><strong>\u00a0legal\u0103 (I): locul so\u021bului supravie\u021buitor<br \/>\n<\/strong><\/p>\n<p>Una din problemele actuale \u0219i recurente prive\u0219te drepturile succesorale ale so\u021bului supravie\u021buitor. Este o chestiune par\u021bial grefat\u0103 pe ultimul secol de preocup\u0103ri legate de afirmarea drepturilor femeilor. \u00centreb\u0103rile generate pentru jurist se refer\u0103 &#8211; generic vorbind &#8211; la locul ocupat de partenerul(-a) de via\u021b\u0103 a lui\u00a0<em>decuius,<\/em> din perspectiva general\u0103 a dreptului patrimonial al familiei.<\/p>\n<p><b>Bibliografie:<\/b><\/p>\n<p>&#8211; M.D. Bob, <em>Probleme de mo\u0219teniri in noul \u0219i \u00een vechiul cod civil<\/em>, UJ 2012, pp. 45-51<\/p>\n<p>&#8211; Fr. Deak, <em>Tratat de drept succesoral<\/em>, UJ 2013, pp. 237-257<\/p>\n<p><strong>Curs 4 (16.III)<\/strong> &#8211; <strong>Devolu\u021biunea<\/strong><strong>\u00a0<\/strong><strong>legal\u0103 (II): locul so\u021bului supravie\u021buitor \u0219i concuren\u021ba rudelor de s\u00e2nge<\/strong><strong><br \/>\n<\/strong><\/p>\n<p><strong>Bibliografie:\u00a0<\/strong>uzual\u0103<\/p>\n<p><strong>Curs 5 (23.III) &#8211; Aplica\u021bie &#8211; mo\u0219tenirea legal\u0103<\/strong><\/p>\n<p><strong>Curs 6 (30.III)<\/strong> &#8211;\u00a0<strong>Aplica\u021bie &#8211; mo\u0219tenirea legal\u0103\u00a0<\/strong><\/p>\n<p><strong>Curs 7 (6.IV) &#8211; <\/strong><strong>Puterea\u00a0voin\u021bei lui <em>decuius<\/em>? (I)\u00a0Rezerva succesoral\u0103<\/strong><\/p>\n<p><strong>Bibliografie:\u00a0<\/strong><\/p>\n<p>&#8211; Ioan Popa,\u00a0<em>Rezerva<\/em> succesoral\u0103,<em>\u00a0<\/em>in \u201eRevista rom\u00e2n\u0103 de drept privat\u201d <em>,\u00a0<\/em>nr. 5\/2008, p. 117 urm.<\/p>\n<p>&#8211; Mircea Dan Bob, <em>Calcularea rezervei succesorale a so\u0163ului supravie\u0163uitor \u015fi impactul noului cod civil<\/em>, in \u201eRevista rom\u00e2n\u0103 de drept privat\u201d nr. 2\/2012, p. 38-48<\/p>\n<p>&#8211; Ioan Popa,\u00a0<em>Drept civil.\u00a0Mo\u0219teniri\u00a0\u0219i\u00a0<\/em><i>liberalit\u0103\u021bi<\/i>, UJ, 2013, pp. 237-247<\/p>\n<p>&#8211; Romeo Popescu,\u00a0<em>Dreptul la\u00a0mo\u0219tenire. Limitele dreptului de a dispune prin acte juridice de bunurile\u00a0<\/em><i>mo\u0219tenirii<\/i>,\u00a0Universul juridic, 2004, pp. 17-196<\/p>\n<p><strong>Curs 8 (20.IV) &#8211; <\/strong><strong>Formalismul \u0219i dispunerea<\/strong><strong>\u00a0<em>mortis causa<\/em>: <\/strong>introducere \u0219i aplica\u021bii<\/p>\n<p><strong>Bibliografie:<\/strong><\/p>\n<p>&#8211; M.D. Bob, <em>Probleme de mo\u0219teniri \u00een noul \u0219i \u00een vechiul cod civil<\/em>, 2012, pp. 136-<\/p>\n<p><strong>Curs 9 (27.V) &#8211; <\/strong><strong>Formalism \u0219i testament <\/strong>(cu prezentare practic\u0103 de testamente)<\/p>\n<p><b>Bibliografie<\/b><\/p>\n<p>&#8211; M.D. Bob, <em>Probleme de mo\u0219teniri \u00een noul \u0219i \u00een vechiul cod civil<\/em>, 2012, pp. 136-187<\/p>\n<p>&#8211; D. Negril\u0103,\u00a0<em>Testamentul\u00a0\u00een\u00a0noul Cod civil. Studii teoretice\u00a0\u0219i\u00a0practice<\/em>, UJ, 2013, pp. 93-221, 392-400<\/p>\n<p>&#8211;\u00a0I. Popa,\u00a0<em>Drept civil.\u00a0Mo\u0219teniri\u00a0\u0219i\u00a0<\/em><i>liberalit\u0103\u021bi<\/i>, UJ, 2013, pp.\u00a0301-315, 317-322<\/p>\n<p><strong>Curs 10 (4.V) &#8211; <\/strong><strong>Revocarea testamentului &#8211; revocarea legatului<\/strong><\/p>\n<p><strong>Curs 11 (11.V) &#8211; <\/strong><strong>Puterea voin\u021bei lui <em>decuius<\/em>? (II): substitu\u021bia fideicomisar\u0103 \u0219i clauza de preciput<\/strong><\/p>\n<p><strong>Curs 12 (18.V) &#8211; <\/strong><strong>Probleme de practic\u0103 testamentar\u0103<\/strong><\/p>\n<p><strong>Curs 13 (25.V)<\/strong> &#8211; <strong>Dificila trecere de la succesibil la succesor: op\u021biunea succesoral\u0103<\/strong><\/p>\n<p><strong>Curs 14 (23.V)<\/strong> &#8211; <strong>Concluzii<\/strong><\/p>\n","protected":false},"excerpt":{"rendered":"<p>&nbsp; Urm\u0103ri\u021bi aceast\u0103 pagin\u0103, cuprinde tematica actualizat\u0103 a cursurilor \u0219i seminarelor! Curs 1 (23.II) &#8211; Introducere\u00a0\u0219i\u00a0organizare Locul dreptului succesoral &#8211; Tendin\u021bele recente &#8211; Modul de tratare a problematicii Curs 2 (2.III)\u00a0&#8211;\u00a0Codul civil \u2013 origine,\u00a0concep\u021bie, impact\u00a0\u0219i\u00a0evolu\u021bie Perceperea corect\u0103 \u015fi complet\u0103 a reglement\u0103rilor, precum\u00a0\u0219i\u00a0sesizarea posibilelor interpret\u0103ri actuale este\u00a0condi\u021bionat\u0103\u00a0de\u00a0\u00een\u021belegerea\u00a0felului \u00een care au ap\u0103rut. Cursul de deschidere va urm\u0103ri [&hellip;]<\/p>\n","protected":false},"author":1,"featured_media":0,"parent":677,"menu_order":1,"comment_status":"open","ping_status":"open","template":"","meta":{"_bbp_topic_count":0,"_bbp_reply_count":0,"_bbp_total_topic_count":0,"_bbp_total_reply_count":0,"_bbp_voice_count":0,"_bbp_anonymous_reply_count":0,"_bbp_topic_count_hidden":0,"_bbp_reply_count_hidden":0,"_bbp_forum_subforum_count":0,"footnotes":""},"class_list":["post-960","page","type-page","status-publish","hentry"],"_links":{"self":[{"href":"https:\/\/dreptroman.ro\/index.php?rest_route=\/wp\/v2\/pages\/960","targetHints":{"allow":["GET"]}}],"collection":[{"href":"https:\/\/dreptroman.ro\/index.php?rest_route=\/wp\/v2\/pages"}],"about":[{"href":"https:\/\/dreptroman.ro\/index.php?rest_route=\/wp\/v2\/types\/page"}],"author":[{"embeddable":true,"href":"https:\/\/dreptroman.ro\/index.php?rest_route=\/wp\/v2\/users\/1"}],"replies":[{"embeddable":true,"href":"https:\/\/dreptroman.ro\/index.php?rest_route=%2Fwp%2Fv2%2Fcomments&post=960"}],"version-history":[{"count":65,"href":"https:\/\/dreptroman.ro\/index.php?rest_route=\/wp\/v2\/pages\/960\/revisions"}],"predecessor-version":[{"id":4398,"href":"https:\/\/dreptroman.ro\/index.php?rest_route=\/wp\/v2\/pages\/960\/revisions\/4398"}],"up":[{"embeddable":true,"href":"https:\/\/dreptroman.ro\/index.php?rest_route=\/wp\/v2\/pages\/677"}],"wp:attachment":[{"href":"https:\/\/dreptroman.ro\/index.php?rest_route=%2Fwp%2Fv2%2Fmedia&parent=960"}],"curies":[{"name":"wp","href":"https:\/\/api.w.org\/{rel}","templated":true}]}}