{"id":609,"date":"2012-09-30T15:04:01","date_gmt":"2012-09-30T15:04:01","guid":{"rendered":"http:\/\/dreptroman.ro\/?page_id=609"},"modified":"2026-01-09T09:40:01","modified_gmt":"2026-01-09T06:40:01","slug":"programare-cursuri","status":"publish","type":"page","link":"https:\/\/dreptroman.ro\/?page_id=609","title":{"rendered":"Programare Cursuri"},"content":{"rendered":"<h4>Aici g\u0103si\u021bi <strong>anun\u021burile referitoare la programarea \u0219i tematica s\u0103pt\u0103m\u00e2nal\u0103 a fiec\u0103rui curs<\/strong>. Este <span style=\"color: #ff0000;\"><strong>obligatorie<\/strong><\/span> consultarea \u00eenainte de fiecare curs a acestei pagini, pentru a fi la curent cu eventualele reprogram\u0103ri ale cursurilor \u0219i cu textele care vor fi luate \u00een discu\u021bie la fiecare curs.\u00a0<\/h4>\n<p><a href=\"https:\/\/dreptroman.ro\/?page_id=1852\"><span style=\"text-decoration: underline;\"><strong>Curs I (29\/30.IX.2025)<\/strong><\/span><\/a> &#8211; <strong>Cu ce ne ocup\u0103m la Dreptul<\/strong> <strong>Roman?<\/strong> Introducere \u0219i c\u00e2teva exemple practice. <strong>Elemente de istorie juridic\u0103 roman\u0103<\/strong><\/p>\n<p><a href=\"https:\/\/dreptroman.ro\/?page_id=1858\"><span style=\"text-decoration: underline;\"><strong>Curs II (6\/7.X.2025)<\/strong><\/span><\/a> &#8211; <span style=\"text-decoration: underline;\">Vechiul Drept Roman<\/span>:\u00a0<strong>Izvoare:<\/strong>\u00a0unde \u0219i cum ia na\u0219tere regula de drept?\u00a0<b>Procedura de judecat\u0103\u00a0<\/b>&#8211; Dreptul Roman este un drept al ac\u021biunilor. <strong>Persoane (I):\u00a0<\/strong>aspecte introductive<\/p>\n<p><a href=\"https:\/\/dreptroman.ro\/?page_id=1864\"><span style=\"text-decoration: underline;\"><strong>Curs III (13\/14.X.2025)<\/strong><\/span><\/a> &#8211; <strong>Persoane (II):\u00a0<\/strong><em>status libertatis<\/em><em>,\u00a0<\/em><em>status familiae.\u00a0<\/em><strong>Bunuri (I):<\/strong> categorii de bunuri \u0219i\u00a0<em>dominium<\/em><\/p>\n<p><strong><a href=\"https:\/\/dreptroman.ro\/?page_id=1868\"><span style=\"text-decoration: underline;\">Curs IV (20\/21.X.2025)<\/span><\/a><strong> &#8211; <\/strong><\/strong><strong>Bunuri (II)<\/strong>: posesia, dob\u00e2ndirea propriet\u0103\u021bii,<em>iura in re aliena, <\/em>revendicarea.<strong>Succesiuni (I): <\/strong>ce consecin\u021be juridice produce decesul unei persoane?<\/p>\n<p><strong><strong><a href=\"https:\/\/dreptroman.ro\/?page_id=1890\"><span style=\"text-decoration: underline;\">Curs V\u00a0<\/span><\/a><strong><a href=\"https:\/\/dreptroman.ro\/?page_id=1890\"><span style=\"text-decoration: underline;\">(27\/28<strong>.X.2025<\/strong>) <\/span><\/a><\/strong><strong>&#8211;<\/strong><\/strong><\/strong> <strong>Obliga\u021biile (I)\u00a0<\/strong>\u00een Vechiul Drept Roman: no\u021biunea, configura\u021bia \u0219i izvoarele obliga\u021biilor \u00een dreptul civil<\/p>\n<p><strong><strong><a href=\"https:\/\/dreptroman.ro\/?page_id=1894\"><span style=\"text-decoration: underline;\">Curs VI\u00a0<\/span><\/a><strong><a href=\"https:\/\/dreptroman.ro\/?page_id=1894\"><span style=\"text-decoration: underline;\">(3\/4<strong>.XI.2025<\/strong>) <\/span><\/a><\/strong><strong>&#8211; Izvoare \u0219i procedur\u0103 de judecat\u0103 (II),<\/strong><\/strong><\/strong> \u00een Dreptul clasic \u0219i postclasic<\/p>\n<p><a href=\"https:\/\/dreptroman.ro\/?page_id=1899\"><span style=\"text-decoration: underline;\"><strong>Curs VII (10\/11<strong>.XI.2025<\/strong>)<\/strong><\/span><\/a>\u00a0<strong>&#8211; Persoane (III),<\/strong> \u00een Dreptul Clasic \u0219i Postclasic<\/p>\n<p><strong><span style=\"text-decoration: underline;\"><a href=\"https:\/\/dreptroman.ro\/?page_id=1903\">Curs VIII (17\/18.XI.2024)<\/a><\/span> &#8211; Bunuri (III) \u0219i Succesiuni (II)<\/strong>, \u00een Dreptul Clasic \u0219i Postclasic<\/p>\n<p><a href=\"https:\/\/dreptroman.ro\/?page_id=1908\" target=\"_blank\" rel=\"noopener noreferrer\"><span style=\"text-decoration: underline;\"><strong>Curs IX (24\/25<\/strong><\/span><\/a><strong><span style=\"text-decoration: underline;\">.XI.2025)<\/span> &#8211; Obliga\u021bii (I)<\/strong>, \u00een Dreptul Clasic \u0219i Postclasic<\/p>\n<p><strong><span style=\"text-decoration: underline;\"><a href=\"https:\/\/dreptroman.ro\/?page_id=1921\">Curs X (2.XII.2025)<\/a><\/span> &#8211; Obliga\u021bii (II), <\/strong>\u00een Dreptul Clasic \u0219i Postclasic<\/p>\n<p><strong><span style=\"text-decoration: underline;\"><a href=\"https:\/\/dreptroman.ro\/?page_id=1925\">Curs XI (8\/9.XII.2025)<\/a><\/span> <\/strong>&#8211; <strong>Obliga\u021bii (III)<\/strong>, \u00een Dreptul Clasic \u0219i Postclasic<\/p>\n<p><a href=\"https:\/\/dreptroman.ro\/?page_id=1931\"><strong>Curs XII (15\/16.XII.2025)<\/strong><\/a> &#8211; <strong>Obliga\u021bii (IV)<\/strong>, \u00een Dreptul Clasic \u0219i Postclasic<\/p>\n<p><strong><a href=\"https:\/\/dreptroman.ro\/?page_id=1935\">Curs XIII (5\/6.I.2026)<\/a>* &#8211; Obliga\u021bii (V)<\/strong>, \u00een Dreptul Clasic \u0219i Postclasic. Cursul se va \u021bine \u00een format hibrid, \u00een data de 9.01.2026, orele 9-12, cu ambele serii:<br \/>Link c\u0103tre apelul video: https:\/\/meet.google.com\/sjc-iaer-jcm<\/p>\n<p><a href=\"https:\/\/dreptroman.ro\/?page_id=1939\" target=\"_blank\" rel=\"noopener noreferrer\"><strong>Curs XIV (12\/13.I.2026)<\/strong><\/a> &#8211; <strong>Obliga\u021bii (VI)<\/strong>, \u00een Dreptul Clasic \u0219i Postclasic<\/p>\n\n\n<p><\/p>\n","protected":false},"excerpt":{"rendered":"<p>Aici g\u0103si\u021bi anun\u021burile referitoare la programarea \u0219i tematica s\u0103pt\u0103m\u00e2nal\u0103 a fiec\u0103rui curs. Este obligatorie consultarea \u00eenainte de fiecare curs a acestei pagini, pentru a fi la curent cu eventualele reprogram\u0103ri ale cursurilor \u0219i cu textele care vor fi luate \u00een discu\u021bie la fiecare curs.\u00a0 Curs I (29\/30.IX.2025) &#8211; Cu ce ne ocup\u0103m la Dreptul Roman? [&hellip;]<\/p>\n","protected":false},"author":1,"featured_media":0,"parent":538,"menu_order":1,"comment_status":"open","ping_status":"open","template":"","meta":{"_bbp_topic_count":0,"_bbp_reply_count":0,"_bbp_total_topic_count":0,"_bbp_total_reply_count":0,"_bbp_voice_count":0,"_bbp_anonymous_reply_count":0,"_bbp_topic_count_hidden":0,"_bbp_reply_count_hidden":0,"_bbp_forum_subforum_count":0,"footnotes":""},"class_list":["post-609","page","type-page","status-publish","hentry"],"_links":{"self":[{"href":"https:\/\/dreptroman.ro\/index.php?rest_route=\/wp\/v2\/pages\/609","targetHints":{"allow":["GET"]}}],"collection":[{"href":"https:\/\/dreptroman.ro\/index.php?rest_route=\/wp\/v2\/pages"}],"about":[{"href":"https:\/\/dreptroman.ro\/index.php?rest_route=\/wp\/v2\/types\/page"}],"author":[{"embeddable":true,"href":"https:\/\/dreptroman.ro\/index.php?rest_route=\/wp\/v2\/users\/1"}],"replies":[{"embeddable":true,"href":"https:\/\/dreptroman.ro\/index.php?rest_route=%2Fwp%2Fv2%2Fcomments&post=609"}],"version-history":[{"count":328,"href":"https:\/\/dreptroman.ro\/index.php?rest_route=\/wp\/v2\/pages\/609\/revisions"}],"predecessor-version":[{"id":4364,"href":"https:\/\/dreptroman.ro\/index.php?rest_route=\/wp\/v2\/pages\/609\/revisions\/4364"}],"up":[{"embeddable":true,"href":"https:\/\/dreptroman.ro\/index.php?rest_route=\/wp\/v2\/pages\/538"}],"wp:attachment":[{"href":"https:\/\/dreptroman.ro\/index.php?rest_route=%2Fwp%2Fv2%2Fmedia&parent=609"}],"curies":[{"name":"wp","href":"https:\/\/api.w.org\/{rel}","templated":true}]}}