{"id":48,"date":"2010-11-07T18:43:06","date_gmt":"2010-11-07T18:43:06","guid":{"rendered":"http:\/\/dreptroman.ro\/?page_id=48"},"modified":"2025-08-16T14:34:19","modified_gmt":"2025-08-16T11:34:19","slug":"pagina-de-garda","status":"publish","type":"page","link":"https:\/\/dreptroman.ro\/","title":{"rendered":"Despre mine"},"content":{"rendered":"<p>Bun venit!<\/p>\n<p>Sunt Mircea-Dan Bob-Boc\u0219an, profesor titular la Facultatea de Drept a UBB Cluj-Napoca \u0219i aceasta este <strong>pagina mea profesional\u0103<\/strong>.<\/p>\n<p>Ve\u021bi g\u0103si aici informa\u021bii privind <strong>materiile pe care le predau<\/strong> \u0219i\u00a0<strong>activit\u0103\u021bile\u00a0de cercetare\/\u00eendrumare<\/strong> \u00een\u00a0care sunt implicat. Con\u021binutul se adreseaz\u0103 \u00een primul r\u00e2nd studen\u021bilor de la Facultatea de Drept a Universit\u0103\u021bii &#8222;Babe\u0219-Bolyai&#8221; din Cluj-Napoca.<\/p>\n<p><strong>C\u00e2teva date despre mine<\/strong>:<\/p>\n<p><span style=\"text-decoration: underline;\">\u00cen prezent, sunt<\/span>:<\/p>\n<ul>\n<li>titularul cursurilor de Drept privat roman (an I licen\u021b\u0103), Drept civil &#8211; Succesiuni \u0219i liberalit\u0103\u021bi (an III licen\u021b\u0103), Probleme de drept succesoral (master, Institu\u021bii de drept privat)<\/li>\n<li>conduc\u0103tor de doctorat \u00een <a href=\"https:\/\/dreptroman.ro\/?page_id=1423\" target=\"_blank\" rel=\"noopener noreferrer\">Drept Roman<\/a> \u0219i <a href=\"https:\/\/dreptroman.ro\/?page_id=1414\" target=\"_blank\" rel=\"noopener noreferrer\">Drept civil &#8211; Succesiuni<\/a><\/li>\n<li>pre\u0219edintele Comisiei de Regulamente \u0219i Probleme juridice a Senatului UBB (din 2020)<\/li>\n<li>directorul Departamentului de Drept Privat, Facultatea de Drept a UBB Cluj-Napoca (din 2024)<\/li>\n<li>membru al European Law Institute (din 2017)<\/li>\n<\/ul>\n<p><span style=\"text-decoration: underline;\">Activit\u0103\u021bi \u0219i responsabilit\u0103\u021bi anterioare<\/span>:<\/p>\n<ul>\n<li>absolvent al Universit\u0103\u021bii \u201dBabe\u0219-Bolyai\u201d din Cluj-Napoca &#8211; licen\u021biat \u00een Drept (1997) \u0219i \u00een Filosofie (2006)<\/li>\n<li>doctor \u00een Drept (2000, \u00eendrum\u0103tor &#8211; prof.dr.doc. Vladimir Hanga), cu teza \u201eEvolu\u021bia succesiunii testamentare \u00een dreptul roman\u201d<\/li>\n<li>conduc\u0103tor de doctorat \u00een <a href=\"https:\/\/dreptroman.ro\/?page_id=1423\" target=\"_blank\" rel=\"noopener noreferrer\">Drept Roman<\/a> \u0219i <a href=\"https:\/\/dreptroman.ro\/?page_id=1414\" target=\"_blank\" rel=\"noopener noreferrer\">Drept civil &#8211; Succesiuni<\/a> (atestat de abilitare &#8211; 2014)<\/li>\n<li>predau la Facultatea de Drept a UBB din anul 1997 &#8211; Drept Civil (anul III + master) \u0219i Drept Roman (anul I)<\/li>\n<li>membru al Soci\u00e9t\u00e9 d`histoire du droit \u0219i al SIHDA (Soci\u00e9t\u00e9 d`histoire des droits de l`antiquit\u00e9) (din 2003)<\/li>\n<li>membru \u00een Comisia de redactare a Codului civil rom\u00e2n, coautor al C\u0103r\u021bii a IV-a \u201eDespre Succesiuni \u0219i liberalit\u0103\u021bi\u201d<\/li>\n<li>cofondator (2006) \u0219i redactor-\u0219ef (din 2011) &#8211; \u201eRevista rom\u00e2n\u0103 de drept privat\u201d<\/li>\n<li>formator la Institutul Notarial Rom\u00e2n, la Drept civil &#8211; Succesiuni (2010-2018)<\/li>\n<li>redactor-\u0219ef al revistei Studia UBB &#8211; Iurisprudentia (2000-2017)<\/li>\n<li>vicepre\u0219edintele Comisiei de Etic\u0103 a UBB Cluj-Napoca (2012-2020)<\/li>\n<li>fondatorul (2003) \u0219i pre\u0219edintele grupului rom\u00e2n al Association \u201dHenri Capitant\u201d des amis de la culture juridique fran\u00e7aise (2011-2023)<\/li>\n<li>pre\u0219edintele Comisiei 24 &#8211; \u0218tiin\u021be juridice din cadrul CNATDCU, la Ministerul Educa\u021biei Na\u021bionale (2016-2017 \u0219i 2020-2024)<\/li>\n<li>pentru alte detalii privind studiile, particip\u0103rile la comisii \u0219i reuniuni na\u021bionale\/interna\u021bionale, publica\u021bii etc., accesa\u021bi <a href=\"https:\/\/law.ubbcluj.ro\/index.php?option=com_content&amp;view=article&amp;id=73:conf-univ-dr-mircea-bob&amp;catid=27&amp;Itemid=129\" target=\"_blank\" rel=\"noopener noreferrer\">pagina facult\u0103\u021bii<\/a><\/li>\n<\/ul>\n<p>V\u0103 invit s\u0103\u00a0folosi\u021bi butoanele de mai sus sau meniurile laterale pentru ca s\u0103 intra\u021bi \u00een\u00a0fiecare\u00a0din\u00a0sec\u021biunile\u00a0sitului.<\/p>\n<p style=\"text-align: center;\">\n","protected":false},"excerpt":{"rendered":"<p>Bun venit! Sunt Mircea-Dan Bob-Boc\u0219an, profesor titular la Facultatea de Drept a UBB Cluj-Napoca \u0219i aceasta este pagina mea profesional\u0103. Ve\u021bi g\u0103si aici informa\u021bii privind materiile pe care le predau \u0219i\u00a0activit\u0103\u021bile\u00a0de cercetare\/\u00eendrumare \u00een\u00a0care sunt implicat. Con\u021binutul se adreseaz\u0103 \u00een primul r\u00e2nd studen\u021bilor de la Facultatea de Drept a Universit\u0103\u021bii &#8222;Babe\u0219-Bolyai&#8221; din Cluj-Napoca. C\u00e2teva date despre [&hellip;]<\/p>\n","protected":false},"author":1,"featured_media":0,"parent":0,"menu_order":1,"comment_status":"open","ping_status":"open","template":"","meta":{"_bbp_topic_count":0,"_bbp_reply_count":0,"_bbp_total_topic_count":0,"_bbp_total_reply_count":0,"_bbp_voice_count":0,"_bbp_anonymous_reply_count":0,"_bbp_topic_count_hidden":0,"_bbp_reply_count_hidden":0,"_bbp_forum_subforum_count":0,"footnotes":""},"class_list":["post-48","page","type-page","status-publish","hentry"],"_links":{"self":[{"href":"https:\/\/dreptroman.ro\/index.php?rest_route=\/wp\/v2\/pages\/48","targetHints":{"allow":["GET"]}}],"collection":[{"href":"https:\/\/dreptroman.ro\/index.php?rest_route=\/wp\/v2\/pages"}],"about":[{"href":"https:\/\/dreptroman.ro\/index.php?rest_route=\/wp\/v2\/types\/page"}],"author":[{"embeddable":true,"href":"https:\/\/dreptroman.ro\/index.php?rest_route=\/wp\/v2\/users\/1"}],"replies":[{"embeddable":true,"href":"https:\/\/dreptroman.ro\/index.php?rest_route=%2Fwp%2Fv2%2Fcomments&post=48"}],"version-history":[{"count":50,"href":"https:\/\/dreptroman.ro\/index.php?rest_route=\/wp\/v2\/pages\/48\/revisions"}],"predecessor-version":[{"id":4277,"href":"https:\/\/dreptroman.ro\/index.php?rest_route=\/wp\/v2\/pages\/48\/revisions\/4277"}],"wp:attachment":[{"href":"https:\/\/dreptroman.ro\/index.php?rest_route=%2Fwp%2Fv2%2Fmedia&parent=48"}],"curies":[{"name":"wp","href":"https:\/\/api.w.org\/{rel}","templated":true}]}}