{"id":3862,"date":"2023-11-14T20:03:45","date_gmt":"2023-11-14T17:03:45","guid":{"rendered":"http:\/\/dreptroman.ro\/?page_id=3862"},"modified":"2024-03-23T20:46:56","modified_gmt":"2024-03-23T17:46:56","slug":"wiseup","status":"publish","type":"page","link":"https:\/\/dreptroman.ro\/?page_id=3862","title":{"rendered":"WiseUp"},"content":{"rendered":"\n<h2 class=\"wp-block-heading has-text-align-center\">Recomand\u0103ri de lectur\u0103<\/h2>\n\n\n\n<p> <\/p>\n\n\n<div class=\"wp-block-image\">\n<figure class=\"alignright size-full is-resized\"><a href=\"https:\/\/dreptroman.ro\/wp-content\/uploads\/2023\/11\/IMG_7227-rotated.jpg\"><img loading=\"lazy\" decoding=\"async\" src=\"https:\/\/dreptroman.ro\/wp-content\/uploads\/2023\/11\/IMG_7227-rotated.jpg\" alt=\"\" class=\"wp-image-3871\" width=\"233\" height=\"311\" srcset=\"https:\/\/dreptroman.ro\/wp-content\/uploads\/2023\/11\/IMG_7227-rotated.jpg 627w, https:\/\/dreptroman.ro\/wp-content\/uploads\/2023\/11\/IMG_7227-225x300.jpg 225w, https:\/\/dreptroman.ro\/wp-content\/uploads\/2023\/11\/IMG_7227-624x832.jpg 624w\" sizes=\"auto, (max-width: 233px) 100vw, 233px\" \/><\/a><figcaption class=\"wp-element-caption\"><strong>De aici po\u021bi afla cum \u0219i-a eliminat regimul sovietic oponen\u021bii (reali \u0219i imaginari): evenimentele relatate au leg\u0103tur\u0103 direct\u0103 cu istoria recent\u0103 a \u021b\u0103rilor din Europa de Est<\/strong><\/figcaption><\/figure>\n<\/div>\n\n\n<figure class=\"wp-block-image size-full is-resized\"><a href=\"https:\/\/dreptroman.ro\/wp-content\/uploads\/2024\/01\/Image.jpeg\"><img loading=\"lazy\" decoding=\"async\" src=\"https:\/\/dreptroman.ro\/wp-content\/uploads\/2024\/01\/Image.jpeg\" alt=\"\" class=\"wp-image-3944\" width=\"236\" height=\"358\"\/><\/a><figcaption class=\"wp-element-caption\"><strong>Pentru cine vrea s\u0103 \u00een\u021beleag\u0103 r\u0103d\u0103cinile conflictului din Ucraina, precum \u0219i influen\u021ba istoric\u0103 a Rusiei asupra \u021binuturilor rom\u00e2ne\u0219ti<\/strong><\/figcaption><\/figure>\n\n\n\n<figure class=\"wp-block-image size-large is-resized\"><a href=\"https:\/\/dreptroman.ro\/wp-content\/uploads\/2024\/01\/Image-2.jpeg\"><img loading=\"lazy\" decoding=\"async\" src=\"https:\/\/dreptroman.ro\/wp-content\/uploads\/2024\/01\/Image-2-666x1024.jpeg\" alt=\"\" class=\"wp-image-3975\" width=\"199\" height=\"306\" srcset=\"https:\/\/dreptroman.ro\/wp-content\/uploads\/2024\/01\/Image-2-666x1024.jpeg 666w, https:\/\/dreptroman.ro\/wp-content\/uploads\/2024\/01\/Image-2-195x300.jpeg 195w, https:\/\/dreptroman.ro\/wp-content\/uploads\/2024\/01\/Image-2-624x960.jpeg 624w, https:\/\/dreptroman.ro\/wp-content\/uploads\/2024\/01\/Image-2.jpeg 750w\" sizes=\"auto, (max-width: 199px) 100vw, 199px\" \/><\/a><figcaption class=\"wp-element-caption\"><strong>Este o povestire, de un extraordinar talent scriitoricesc, a realit\u0103\u021bii deport\u0103rilor. O recomand celor care sunt mai pu\u021bin atra\u0219i de relat\u0103rile pur istorice ale gulagului.<\/strong><\/figcaption><\/figure>\n\n\n<div class=\"wp-block-image\">\n<figure class=\"alignright size-full is-resized\"><a href=\"https:\/\/dreptroman.ro\/wp-content\/uploads\/2023\/11\/IMG_7233-rotated.jpg\"><img loading=\"lazy\" decoding=\"async\" src=\"https:\/\/dreptroman.ro\/wp-content\/uploads\/2023\/11\/IMG_7233-rotated.jpg\" alt=\"\" class=\"wp-image-3874\" width=\"218\" height=\"290\" srcset=\"https:\/\/dreptroman.ro\/wp-content\/uploads\/2023\/11\/IMG_7233-rotated.jpg 627w, https:\/\/dreptroman.ro\/wp-content\/uploads\/2023\/11\/IMG_7233-225x300.jpg 225w, https:\/\/dreptroman.ro\/wp-content\/uploads\/2023\/11\/IMG_7233-624x832.jpg 624w\" sizes=\"auto, (max-width: 218px) 100vw, 218px\" \/><\/a><figcaption class=\"wp-element-caption\"><strong>O bun\u0103 punere \u00een tem\u0103 cu privire la r\u0103d\u0103cinile conflictelor (deschise sau mocnite)<\/strong> <strong>din zona care &#8211; \u00een mod paradoxal &#8211; este leag\u0103nul principalelor religii monoteiste de ast\u0103zi<\/strong><\/figcaption><\/figure>\n<\/div>\n\n<div class=\"wp-block-image\">\n<figure class=\"alignleft size-full is-resized\"><a href=\"https:\/\/dreptroman.ro\/wp-content\/uploads\/2023\/11\/IMG_7230-rotated.jpg\"><img loading=\"lazy\" decoding=\"async\" src=\"https:\/\/dreptroman.ro\/wp-content\/uploads\/2023\/11\/IMG_7230-rotated.jpg\" alt=\"\" class=\"wp-image-3873\" width=\"223\" height=\"297\" srcset=\"https:\/\/dreptroman.ro\/wp-content\/uploads\/2023\/11\/IMG_7230-rotated.jpg 627w, https:\/\/dreptroman.ro\/wp-content\/uploads\/2023\/11\/IMG_7230-225x300.jpg 225w, https:\/\/dreptroman.ro\/wp-content\/uploads\/2023\/11\/IMG_7230-624x832.jpg 624w\" sizes=\"auto, (max-width: 223px) 100vw, 223px\" \/><\/a><figcaption class=\"wp-element-caption\"><strong>Te informezi despre realitatea fenomenului. Ajut\u0103 la \u00een\u021belegerea evenimentelor recente \u0219i actuale din Orientul apropiat (\u0219i nu numai)<\/strong><\/figcaption><\/figure>\n<\/div>\n\n\n<figure class=\"wp-block-image size-full\"><a href=\"https:\/\/dreptroman.ro\/wp-content\/uploads\/2024\/03\/82699998-0.jpeg\"><img loading=\"lazy\" decoding=\"async\" width=\"575\" height=\"862\" src=\"https:\/\/dreptroman.ro\/wp-content\/uploads\/2024\/03\/82699998-0.jpeg\" alt=\"\" class=\"wp-image-4043\" srcset=\"https:\/\/dreptroman.ro\/wp-content\/uploads\/2024\/03\/82699998-0.jpeg 575w, https:\/\/dreptroman.ro\/wp-content\/uploads\/2024\/03\/82699998-0-200x300.jpeg 200w\" sizes=\"auto, (max-width: 575px) 100vw, 575px\" \/><\/a><figcaption class=\"wp-element-caption\">Una dintre c\u0103r\u021bile bune \u0219i relativ recente pe tema dat\u0103<\/figcaption><\/figure>\n\n\n<div class=\"wp-block-image\">\n<figure class=\"alignleft size-full is-resized\"><a href=\"https:\/\/dreptroman.ro\/wp-content\/uploads\/2023\/11\/IMG_7238-rotated.jpg\"><img loading=\"lazy\" decoding=\"async\" src=\"https:\/\/dreptroman.ro\/wp-content\/uploads\/2023\/11\/IMG_7238-rotated.jpg\" alt=\"\" class=\"wp-image-3877\" width=\"216\" height=\"287\" srcset=\"https:\/\/dreptroman.ro\/wp-content\/uploads\/2023\/11\/IMG_7238-rotated.jpg 627w, https:\/\/dreptroman.ro\/wp-content\/uploads\/2023\/11\/IMG_7238-225x300.jpg 225w, https:\/\/dreptroman.ro\/wp-content\/uploads\/2023\/11\/IMG_7238-624x832.jpg 624w\" sizes=\"auto, (max-width: 216px) 100vw, 216px\" \/><\/a><figcaption class=\"wp-element-caption\"><strong>Autoarea nu este o atee: este o femeie din Somalia, care a avut curajul s\u0103 scape din tirania unei ordini sociale discriminatorii, inimaginabil\u0103 pentru europeni \u00een sec. XXI<\/strong><\/figcaption><\/figure>\n<\/div>\n\n\n<figure class=\"wp-block-image size-full is-resized\"><a href=\"https:\/\/dreptroman.ro\/wp-content\/uploads\/2024\/01\/Image-3.jpeg\"><img loading=\"lazy\" decoding=\"async\" src=\"https:\/\/dreptroman.ro\/wp-content\/uploads\/2024\/01\/Image-3.jpeg\" alt=\"\" class=\"wp-image-3982\" width=\"211\" height=\"284\" srcset=\"https:\/\/dreptroman.ro\/wp-content\/uploads\/2024\/01\/Image-3.jpeg 408w, https:\/\/dreptroman.ro\/wp-content\/uploads\/2024\/01\/Image-3-223x300.jpeg 223w\" sizes=\"auto, (max-width: 211px) 100vw, 211px\" \/><\/a><figcaption class=\"wp-element-caption\"><strong>O carte edificatoare asupra istoriei fr\u0103m\u00e2ntate a Afghanistanului \u00een sec. XX. Impresioneaz\u0103 prin talentul cu care autorul expune destinele celor lovi\u021bi de evenimente<\/strong><\/figcaption><\/figure>\n\n\n\n<figure class=\"wp-block-image size-full is-resized\"><a href=\"https:\/\/dreptroman.ro\/wp-content\/uploads\/2024\/01\/Image-4.jpeg\"><img loading=\"lazy\" decoding=\"async\" src=\"https:\/\/dreptroman.ro\/wp-content\/uploads\/2024\/01\/Image-4.jpeg\" alt=\"\" class=\"wp-image-3987\" width=\"193\" height=\"291\" srcset=\"https:\/\/dreptroman.ro\/wp-content\/uploads\/2024\/01\/Image-4.jpeg 390w, https:\/\/dreptroman.ro\/wp-content\/uploads\/2024\/01\/Image-4-200x300.jpeg 200w\" sizes=\"auto, (max-width: 193px) 100vw, 193px\" \/><\/a><figcaption class=\"wp-element-caption\"><strong>Un must read, pentru cine dore\u0219te s\u0103 \u0219tie mai multe despre cauzele conflictelor din zon\u0103<\/strong><\/figcaption><\/figure>\n\n\n\n<figure class=\"wp-block-image size-full is-resized\"><a href=\"https:\/\/dreptroman.ro\/wp-content\/uploads\/2024\/01\/Image-5.jpeg\"><img loading=\"lazy\" decoding=\"async\" src=\"https:\/\/dreptroman.ro\/wp-content\/uploads\/2024\/01\/Image-5.jpeg\" alt=\"\" class=\"wp-image-3991\" width=\"213\" height=\"331\" srcset=\"https:\/\/dreptroman.ro\/wp-content\/uploads\/2024\/01\/Image-5.jpeg 600w, https:\/\/dreptroman.ro\/wp-content\/uploads\/2024\/01\/Image-5-194x300.jpeg 194w\" sizes=\"auto, (max-width: 213px) 100vw, 213px\" \/><\/a><figcaption class=\"wp-element-caption\"><strong>Prima femeie prim-ministru al Israelului \u0219i relatarea ei asupra istoriei dure a t\u00e2n\u0103rului stat evreu.<\/strong><\/figcaption><\/figure>\n\n\n\n<figure class=\"wp-block-image size-full is-resized\"><a href=\"https:\/\/dreptroman.ro\/wp-content\/uploads\/2023\/11\/IMG_7235-rotated.jpg\"><img loading=\"lazy\" decoding=\"async\" src=\"https:\/\/dreptroman.ro\/wp-content\/uploads\/2023\/11\/IMG_7235-rotated.jpg\" alt=\"\" class=\"wp-image-3876\" width=\"200\" height=\"266\" srcset=\"https:\/\/dreptroman.ro\/wp-content\/uploads\/2023\/11\/IMG_7235-rotated.jpg 627w, https:\/\/dreptroman.ro\/wp-content\/uploads\/2023\/11\/IMG_7235-225x300.jpg 225w, https:\/\/dreptroman.ro\/wp-content\/uploads\/2023\/11\/IMG_7235-624x832.jpg 624w\" sizes=\"auto, (max-width: 200px) 100vw, 200px\" \/><\/a><figcaption class=\"wp-element-caption\"><strong>O carte, bine scris\u0103 \u0219i u\u0219or de citit, despre fondarea \u0219i faptele unuia dintre cele mai celebre servicii de spionaj din lume. Implicit, ajut\u0103 cititorul s\u0103 \u00een\u021beleag\u0103 mai multe despre actualele conflicte din zon\u0103 <\/strong><\/figcaption><\/figure>\n\n\n\n\n<div class=\"wp-block-image\">\n<figure class=\"alignright size-full is-resized\"><a href=\"https:\/\/dreptroman.ro\/wp-content\/uploads\/2023\/11\/IMG_7234-rotated.jpg\"><img loading=\"lazy\" decoding=\"async\" src=\"https:\/\/dreptroman.ro\/wp-content\/uploads\/2023\/11\/IMG_7234-rotated.jpg\" alt=\"\" class=\"wp-image-3875\" width=\"206\" height=\"275\" srcset=\"https:\/\/dreptroman.ro\/wp-content\/uploads\/2023\/11\/IMG_7234-rotated.jpg 627w, https:\/\/dreptroman.ro\/wp-content\/uploads\/2023\/11\/IMG_7234-225x300.jpg 225w, https:\/\/dreptroman.ro\/wp-content\/uploads\/2023\/11\/IMG_7234-624x832.jpg 624w\" sizes=\"auto, (max-width: 206px) 100vw, 206px\" \/><\/a><figcaption class=\"wp-element-caption\"><strong>Cartea este o sintez\u0103 a bunelor \u0219i relelor care au jalonat parcursul unuia dintre liderii UE<\/strong><\/figcaption><\/figure>\n<\/div>\n\n<div class=\"wp-block-image\">\n<figure class=\"alignleft size-full is-resized\"><a href=\"https:\/\/dreptroman.ro\/wp-content\/uploads\/2023\/11\/IMG_7228-rotated.jpg\"><img loading=\"lazy\" decoding=\"async\" src=\"https:\/\/dreptroman.ro\/wp-content\/uploads\/2023\/11\/IMG_7228-rotated.jpg\" alt=\"\" class=\"wp-image-3872\" width=\"226\" height=\"301\" srcset=\"https:\/\/dreptroman.ro\/wp-content\/uploads\/2023\/11\/IMG_7228-rotated.jpg 627w, https:\/\/dreptroman.ro\/wp-content\/uploads\/2023\/11\/IMG_7228-225x300.jpg 225w, https:\/\/dreptroman.ro\/wp-content\/uploads\/2023\/11\/IMG_7228-624x832.jpg 624w\" sizes=\"auto, (max-width: 226px) 100vw, 226px\" \/><\/a><figcaption class=\"wp-element-caption\"><strong>Pentru ca s\u0103 ai o perspectiv\u0103 obiectiv\u0103 \u0219i informat\u0103 asupra unui fenomen care a marcat decisiv istoria sec. XX<\/strong><\/figcaption><\/figure>\n<\/div>\n\n\n<figure class=\"wp-block-image size-full is-resized\"><a href=\"https:\/\/dreptroman.ro\/wp-content\/uploads\/2024\/01\/Image-8.jpeg\"><img loading=\"lazy\" decoding=\"async\" src=\"https:\/\/dreptroman.ro\/wp-content\/uploads\/2024\/01\/Image-8.jpeg\" alt=\"\" class=\"wp-image-4007\" width=\"198\" height=\"309\" srcset=\"https:\/\/dreptroman.ro\/wp-content\/uploads\/2024\/01\/Image-8.jpeg 356w, https:\/\/dreptroman.ro\/wp-content\/uploads\/2024\/01\/Image-8-192x300.jpeg 192w\" sizes=\"auto, (max-width: 198px) 100vw, 198px\" \/><\/a><\/figure>\n\n\n<div class=\"wp-block-image\">\n<figure class=\"alignright size-full is-resized\"><a href=\"https:\/\/dreptroman.ro\/wp-content\/uploads\/2024\/01\/Image-6.jpeg\"><img loading=\"lazy\" decoding=\"async\" src=\"https:\/\/dreptroman.ro\/wp-content\/uploads\/2024\/01\/Image-6.jpeg\" alt=\"\" class=\"wp-image-4001\" width=\"199\" height=\"302\" srcset=\"https:\/\/dreptroman.ro\/wp-content\/uploads\/2024\/01\/Image-6.jpeg 348w, https:\/\/dreptroman.ro\/wp-content\/uploads\/2024\/01\/Image-6-197x300.jpeg 197w\" sizes=\"auto, (max-width: 199px) 100vw, 199px\" \/><\/a><figcaption class=\"wp-element-caption\"><strong>Detalii asupra evenimentelor \u0219i faptelor care au dus la realiz\u0103rile (dar \u0219i la problemele) Europei de ast\u0103zi<\/strong>. <strong>A se citi cu creionul \u00een m\u00e2n\u0103 (= cu r\u0103bdare \u0219i aten\u021bie)<\/strong><\/figcaption><\/figure>\n<\/div>\n\n<div class=\"wp-block-image\">\n<figure class=\"alignleft size-full is-resized\"><a href=\"https:\/\/dreptroman.ro\/wp-content\/uploads\/2024\/01\/Image-1.jpeg\"><img loading=\"lazy\" decoding=\"async\" src=\"https:\/\/dreptroman.ro\/wp-content\/uploads\/2024\/01\/Image-1.jpeg\" alt=\"\" class=\"wp-image-3970\" width=\"205\" height=\"308\" srcset=\"https:\/\/dreptroman.ro\/wp-content\/uploads\/2024\/01\/Image-1.jpeg 400w, https:\/\/dreptroman.ro\/wp-content\/uploads\/2024\/01\/Image-1-200x300.jpeg 200w\" sizes=\"auto, (max-width: 205px) 100vw, 205px\" \/><\/a><figcaption class=\"wp-element-caption\"><strong>Informare detaliat\u0103 asupra<\/strong> <strong>parcursului \u021b\u0103rii care este liderul mondial al ultimului secol \u0219i jum\u0103tate<\/strong><\/figcaption><\/figure>\n<\/div>\n\n\n<figure class=\"wp-block-image size-full is-resized\"><a href=\"https:\/\/dreptroman.ro\/wp-content\/uploads\/2024\/01\/Image-7.jpeg\"><img loading=\"lazy\" decoding=\"async\" src=\"https:\/\/dreptroman.ro\/wp-content\/uploads\/2024\/01\/Image-7.jpeg\" alt=\"\" class=\"wp-image-4004\" width=\"212\" height=\"320\" srcset=\"https:\/\/dreptroman.ro\/wp-content\/uploads\/2024\/01\/Image-7.jpeg 401w, https:\/\/dreptroman.ro\/wp-content\/uploads\/2024\/01\/Image-7-199x300.jpeg 199w\" sizes=\"auto, (max-width: 212px) 100vw, 212px\" \/><\/a><figcaption class=\"wp-element-caption\"><strong>Subtitlul spune totul despre con\u021binut. O lectur\u0103 alternativ\u0103 la cartea lui Tony Judt<\/strong><\/figcaption><\/figure>\n","protected":false},"excerpt":{"rendered":"<p>Recomand\u0103ri de lectur\u0103<\/p>\n","protected":false},"author":1,"featured_media":0,"parent":0,"menu_order":4,"comment_status":"closed","ping_status":"closed","template":"","meta":{"_bbp_topic_count":0,"_bbp_reply_count":0,"_bbp_total_topic_count":0,"_bbp_total_reply_count":0,"_bbp_voice_count":0,"_bbp_anonymous_reply_count":0,"_bbp_topic_count_hidden":0,"_bbp_reply_count_hidden":0,"_bbp_forum_subforum_count":0,"footnotes":""},"class_list":["post-3862","page","type-page","status-publish","hentry"],"_links":{"self":[{"href":"https:\/\/dreptroman.ro\/index.php?rest_route=\/wp\/v2\/pages\/3862","targetHints":{"allow":["GET"]}}],"collection":[{"href":"https:\/\/dreptroman.ro\/index.php?rest_route=\/wp\/v2\/pages"}],"about":[{"href":"https:\/\/dreptroman.ro\/index.php?rest_route=\/wp\/v2\/types\/page"}],"author":[{"embeddable":true,"href":"https:\/\/dreptroman.ro\/index.php?rest_route=\/wp\/v2\/users\/1"}],"replies":[{"embeddable":true,"href":"https:\/\/dreptroman.ro\/index.php?rest_route=%2Fwp%2Fv2%2Fcomments&post=3862"}],"version-history":[{"count":51,"href":"https:\/\/dreptroman.ro\/index.php?rest_route=\/wp\/v2\/pages\/3862\/revisions"}],"predecessor-version":[{"id":4046,"href":"https:\/\/dreptroman.ro\/index.php?rest_route=\/wp\/v2\/pages\/3862\/revisions\/4046"}],"wp:attachment":[{"href":"https:\/\/dreptroman.ro\/index.php?rest_route=%2Fwp%2Fv2%2Fmedia&parent=3862"}],"curies":[{"name":"wp","href":"https:\/\/api.w.org\/{rel}","templated":true}]}}