{"id":3672,"date":"2023-02-13T10:14:22","date_gmt":"2023-02-13T07:14:22","guid":{"rendered":"http:\/\/dreptroman.ro\/?page_id=3672"},"modified":"2025-11-10T09:46:31","modified_gmt":"2025-11-10T06:46:31","slug":"disertatie","status":"publish","type":"page","link":"https:\/\/dreptroman.ro\/?page_id=3672","title":{"rendered":"Diserta\u021bie"},"content":{"rendered":"\n<p><strong>Teme <\/strong>propuse pentru lucrarea de diserta\u021bie:<\/p>\n\n\n\n<p>1. Reprezentarea succesorala <\/p>\n\n\n\n<p>2. Drepturile so\u021bului supravie\u021buitor\/partenerului civil<\/p>\n\n\n\n<p>3. Tipurile de legate<\/p>\n\n\n\n<p>4. Forma testamentului<\/p>\n\n\n\n<p>5. Revocarea testamentelor\/legatelor (rezervat\u0103)<\/p>\n\n\n\n<p>6. Rezerva succesoral\u0103 (rezervat\u0103)<\/p>\n\n\n\n<p>7. Termenul de op\u021biune succesoral\u0103<\/p>\n","protected":false},"excerpt":{"rendered":"<p>Teme propuse pentru lucrarea de diserta\u021bie: 1. Reprezentarea succesorala 2. Drepturile so\u021bului supravie\u021buitor\/partenerului civil 3. Tipurile de legate 4. Forma testamentului 5. Revocarea testamentelor\/legatelor (rezervat\u0103) 6. Rezerva succesoral\u0103 (rezervat\u0103) 7. Termenul de op\u021biune succesoral\u0103<\/p>\n","protected":false},"author":1,"featured_media":0,"parent":677,"menu_order":4,"comment_status":"closed","ping_status":"closed","template":"","meta":{"_bbp_topic_count":0,"_bbp_reply_count":0,"_bbp_total_topic_count":0,"_bbp_total_reply_count":0,"_bbp_voice_count":0,"_bbp_anonymous_reply_count":0,"_bbp_topic_count_hidden":0,"_bbp_reply_count_hidden":0,"_bbp_forum_subforum_count":0,"footnotes":""},"class_list":["post-3672","page","type-page","status-publish","hentry"],"_links":{"self":[{"href":"https:\/\/dreptroman.ro\/index.php?rest_route=\/wp\/v2\/pages\/3672","targetHints":{"allow":["GET"]}}],"collection":[{"href":"https:\/\/dreptroman.ro\/index.php?rest_route=\/wp\/v2\/pages"}],"about":[{"href":"https:\/\/dreptroman.ro\/index.php?rest_route=\/wp\/v2\/types\/page"}],"author":[{"embeddable":true,"href":"https:\/\/dreptroman.ro\/index.php?rest_route=\/wp\/v2\/users\/1"}],"replies":[{"embeddable":true,"href":"https:\/\/dreptroman.ro\/index.php?rest_route=%2Fwp%2Fv2%2Fcomments&post=3672"}],"version-history":[{"count":6,"href":"https:\/\/dreptroman.ro\/index.php?rest_route=\/wp\/v2\/pages\/3672\/revisions"}],"predecessor-version":[{"id":4347,"href":"https:\/\/dreptroman.ro\/index.php?rest_route=\/wp\/v2\/pages\/3672\/revisions\/4347"}],"up":[{"embeddable":true,"href":"https:\/\/dreptroman.ro\/index.php?rest_route=\/wp\/v2\/pages\/677"}],"wp:attachment":[{"href":"https:\/\/dreptroman.ro\/index.php?rest_route=%2Fwp%2Fv2%2Fmedia&parent=3672"}],"curies":[{"name":"wp","href":"https:\/\/api.w.org\/{rel}","templated":true}]}}