{"id":2191,"date":"2017-06-23T15:28:29","date_gmt":"2017-06-23T12:28:29","guid":{"rendered":"http:\/\/dreptroman.ro\/?page_id=2191"},"modified":"2026-02-22T20:44:07","modified_gmt":"2026-02-22T17:44:07","slug":"bibliografie","status":"publish","type":"page","link":"https:\/\/dreptroman.ro\/?page_id=2191","title":{"rendered":"Bibliografie"},"content":{"rendered":"\n<div class=\"wp-block-group\"><div class=\"wp-block-group__inner-container is-layout-flow wp-block-group-is-layout-flow\">\n<p>Titlurile sunt expuse \u00een ordine alfabetic\u0103, \u00een fiecare categorie.<\/p>\n<p style=\"text-align: center;\"><a href=\"https:\/\/dreptroman.ro\/wp-content\/uploads\/2020\/02\/85235238_2449566785148124_3857620856536563712_n.jpg\"><img loading=\"lazy\" decoding=\"async\" class=\"aligncenter size-medium wp-image-2896\" src=\"https:\/\/dreptroman.ro\/wp-content\/uploads\/2020\/02\/85235238_2449566785148124_3857620856536563712_n-300x118.jpg\" alt=\"\" width=\"300\" height=\"118\" srcset=\"https:\/\/dreptroman.ro\/wp-content\/uploads\/2020\/02\/85235238_2449566785148124_3857620856536563712_n-300x118.jpg 300w, https:\/\/dreptroman.ro\/wp-content\/uploads\/2020\/02\/85235238_2449566785148124_3857620856536563712_n-1024x404.jpg 1024w, https:\/\/dreptroman.ro\/wp-content\/uploads\/2020\/02\/85235238_2449566785148124_3857620856536563712_n-768x303.jpg 768w, https:\/\/dreptroman.ro\/wp-content\/uploads\/2020\/02\/85235238_2449566785148124_3857620856536563712_n-1536x607.jpg 1536w, https:\/\/dreptroman.ro\/wp-content\/uploads\/2020\/02\/85235238_2449566785148124_3857620856536563712_n.jpg 1970w\" sizes=\"auto, (max-width: 300px) 100vw, 300px\" \/><\/a><\/p>\n<p>A. minimal\u0103<\/p>\n<p>&#8211; Bob-Boc\u0219an, M.D.,\u00a0<a href=\"https:\/\/www.ujmag.ro\/drept\/manual-de-succesiuni-si-liberalitati?gad_source=1&amp;gad_campaignid=17347923029&amp;gbraid=0AAAAACQCcvtvx5sYG33fZRAauHPZtUVth&amp;gclid=Cj0KCQiA7-rMBhCFARIsAKnLKtBnnPmyIUgys12IMsflxZHJcYJ3jK3Jq28Ak6Y0BZNQ-q-vpynmAesaAkZSEALw_wcB\" target=\"_blank\" rel=\"noopener\"><em>Manual de succesiuni \u0219i liberalt\u0103\u021bi<\/em><\/a>, Universul juridic, Bucure\u0219ti 2025<\/p>\n<p>B. alternativ\u0103<\/p>\n<p>&#8211; Deak, Fr., Popescu, R., <a href=\"https:\/\/www.ujmag.ro\/drept\/pachet-tratat-de-drept-succesoral-editia-a-v-a-actualizata-si-completata-volumul-i-volumul-ii-si-volumul-iii?gad_source=1&amp;gad_campaignid=23508506846&amp;gbraid=0AAAAACQCcvvDHHp42lYf2jJzVRf4wTcMQ&amp;gclid=Cj0KCQiA7-rMBhCFARIsAKnLKtAbUKOhj8vTdV403gpQr6yVd9qSlrn-Nv30Qg1DoeCcQR1215FmbnoaAjr9EALw_wcB\" target=\"_blank\" rel=\"noopener noreferrer\"><em>Tratat de drept succesoral<\/em><\/a>, 3 vol., Universul juridic, Bucure\u0219ti 2025<\/p>\n<p>&#8211; Deak, Fr., Mihai, L., Popescu, R., <a href=\"https:\/\/www.ujmag.ro\/drept\/drept-civil\/tratat-de-drept-civil-contracte-speciale-editia-a-v-a-actualizata-si-completata-vol-iii-depozitul-\" target=\"_blank\" rel=\"noopener noreferrer\">Tratat de drept civil. Contracte speciale<\/a>, vol. III, Universul juridic, Bucure\u0219ti 2018<\/p>\n<p>&#8211; Hageanu, C.,\u00a0<a href=\"https:\/\/www.hamangiu.ro\/drept-civil-succesiuni-autor-codruta-hageanu?srsltid=AfmBOoqIDZrKOIlwBrqjgC6GtlEk-hIwKRXQjiauDfaghw9_nFoDCnBm\" target=\"_blank\" rel=\"noopener\"><em>Drept civil. Succesiuni<\/em><\/a>, Hamangiu, Bucure\u0219ti, 2024<\/p>\n<p>&#8211;\u00a0<span lang=\"RO\">J. Kocsis, P. Vasilescu, <a href=\"https:\/\/www.librariaonline.ro\/drept\/civil\/general\/drept_civil_succesiuni_jozsef_kocsis-kocsis_jozsef-hamangiu-p10115558\" target=\"_blank\" rel=\"noopener noreferrer\"><i>Drept civil. Succesiuni<\/i><\/a>, Hamangiu, Bucure\u0219ti 2016<\/span><\/p>\n<p>&#8211; Popa, I., <a href=\"https:\/\/www.editurasolomon.ro\/produs\/drept-civil-mosteniri-si-liberalitati-editia-a-ii-a\/\" target=\"_blank\" rel=\"noopener noreferrer\"><em>Drept civil. Mo\u0219teniri \u0219i liberalit\u0103\u021bi<\/em><\/a>, ed. a 2-a, Solomon, Bucure\u0219ti 2022<\/p>\n<p>C. facultativ\u0103 (pentru cine dore\u0219te s\u0103 vad\u0103 mai multe p\u0103reri \u0219i analize mai detaliate):<\/p>\n<p>&#8211; Alexandresco, D., <a href=\"https:\/\/www.ujmag.ro\/drept\/drept-civil\/pachet-explicatiunea-teoretica-si-practica-a-dreptului-civil-roman-set-14-titluri-12-tomuri\">Explica\u021biunea teoretic\u0103 \u0219i practic\u0103 a dreptului civil rom\u00e2n<\/a>, vol. III\/2, IV\/1 \u0219i IV\/2, Bucure\u0219ti 1912-1913 (reeditate sub \u00eengrijirea M.D. Bob, Universul juridic, Bucure\u0219ti 2018)<\/p>\n<p>&#8211; Bob, M.D., <a href=\"https:\/\/www.ujmag.ro\/drept\/drept-civil\/probleme-de-mosteniri-in-vechiul-si-in-noul-cod-civil\" target=\"_blank\" rel=\"noopener noreferrer\"><em>Probleme de mo\u0219teniri \u00een vechiul \u0219i \u00een noul cod civil<\/em><\/a>, Universul juridic, Bucure\u0219ti 2012<\/p>\n<p>&#8211; Bob, M.D. (coord.), <a href=\"https:\/\/www.ujmag.ro\/drept\/dreptul-familiei\/familie-si-mostenire-in-romania\" target=\"_blank\" rel=\"noopener noreferrer\"><em>Familie \u0219i mo\u0219tenire \u00een Rom\u00e2nia<\/em><\/a>, Universul juridic, Bucure\u0219ti 2016<\/p>\n<p>&#8211; Boc\u0219an, M.D.,\u00a0<a href=\"https:\/\/www.cartea.ro\/carti\/Practica-testamentara-Jurisprudenta-romana-1865-2002_73672.html\" target=\"_blank\" rel=\"noopener noreferrer\"><em>Practica testamentar\u0103. Jurispruden\u021b\u0103\u00a0rom\u00e2n\u0103 1862-2002<\/em><\/a>, Rosetti, Bucure\u0219ti 2003<\/p>\n<p>&#8211; Cantacuzino, M.B., <a href=\"https:\/\/www.beckshop.ro\/elementele-dreptului-civil\">Elementele dreptului civil<\/a>, Craiova 1921 (reeditat Beck 1998)<\/p>\n<p>&#8211; Chiric\u0103, D., <a href=\"https:\/\/www.ujmag.ro\/drept\/drept-civil\/tratat-de-drept-civil-succesiunile-si-liberalitatile\" target=\"_blank\" rel=\"noopener noreferrer\"><em>Tratat de drept civil. Succesiuni \u0219i liberalit\u0103\u021bi<\/em><\/a>, Beck, Bucure\u0219ti 2017<\/p>\n<p>&#8211; Eliescu, M., <a href=\"https:\/\/www.printrecarti.ro\/94548-mihail-eliescu-mostenirea-si-devolutiunea-ei-in-dreptul-republicii-socialiste-romania.html\">Mo\u0219tenirea \u0219i devolu\u021biunea ei \u00een dreptul RSR<\/a>, Academiei RSR, Bucure\u0219ti 1966<\/p>\n<p>&#8211; Eliescu, M., <a href=\"https:\/\/www.targulcartii.ro\/mihail-eliescu\/transmisiunea-si-imparteala-mostenirii-in-dreptul-republicii-socialiste-romane-academiei-republicii-socialiste-romania-1966-926851\">Transmisiunea \u0219i \u00eemp\u0103r\u021beala mo\u0219tenirii \u00een dreptul RSR<\/a>, Academiei RSR, Bucure\u0219ti 1966<\/p>\n<p>&#8211; Hamangiu, C., Rosetti-B\u0103l\u0103nescu, I., B\u0103icoianu, Al., <a href=\"https:\/\/www.ujmag.ro\/drept\/drept-civil\/pachet-tratat-de-drept-civil-roman-volumul-i-volumul-ii-si-volumul-iii\/?ref=pagina_https:\/\/www.ujmag.ro\/cautare\" target=\"_blank\" rel=\"noopener noreferrer\">Tratat de drept civil rom\u00e2n. Vol. III. Regimurile matrimoniale. Succesiuni. Liberalit\u0103\u021bi<\/a>, Beck, Bucure\u0219ti 1929 (reeditat 2022)<\/p>\n<p>&#8211; Macovei, C., Dobril\u0103, M.C.,\u00a0<em>Cartea a IV-a<\/em>,\u00a0in Baias, Chelaru, Constantinovici, Macovei,\u00a0<a href=\"https:\/\/www.hamangiu.ro\/noul-cod-civil-comentariu-pe-articole-editia-a-2-a\" target=\"_blank\" rel=\"noopener noreferrer\"><em>Noul cod civil. Comentariu pe articole<\/em><\/a>, Bucure\u0219ti 2014<\/p>\n<p>&#8211; Popa, I.F., Moise, A. (coord), <a href=\"https:\/\/www.editurasolomon.ro\/produs\/legea-notarilor-publici-comentariu-pe-articole\/\" target=\"_blank\" rel=\"noopener noreferrer\"><em>Legea notarilor publici. Comentariu pe articole<\/em><\/a>, Hamangiu, Bucure\u0219ti 2016<\/p>\n<\/div><\/div>\n\n\n\n<p><\/p>\n","protected":false},"excerpt":{"rendered":"<p>Titlurile sunt expuse \u00een ordine alfabetic\u0103, \u00een fiecare categorie. A. minimal\u0103 &#8211; Bob-Boc\u0219an, M.D.,\u00a0Manual de succesiuni \u0219i liberalt\u0103\u021bi, Universul juridic, Bucure\u0219ti 2025 B. alternativ\u0103 &#8211; Deak, Fr., Popescu, R., Tratat de drept succesoral, 3 vol., Universul juridic, Bucure\u0219ti 2025 &#8211; Deak, Fr., Mihai, L., Popescu, R., Tratat de drept civil. Contracte speciale, vol. III, Universul [&hellip;]<\/p>\n","protected":false},"author":1,"featured_media":0,"parent":2142,"menu_order":3,"comment_status":"closed","ping_status":"closed","template":"","meta":{"_bbp_topic_count":0,"_bbp_reply_count":0,"_bbp_total_topic_count":0,"_bbp_total_reply_count":0,"_bbp_voice_count":0,"_bbp_anonymous_reply_count":0,"_bbp_topic_count_hidden":0,"_bbp_reply_count_hidden":0,"_bbp_forum_subforum_count":0,"footnotes":""},"class_list":["post-2191","page","type-page","status-publish","hentry"],"_links":{"self":[{"href":"https:\/\/dreptroman.ro\/index.php?rest_route=\/wp\/v2\/pages\/2191","targetHints":{"allow":["GET"]}}],"collection":[{"href":"https:\/\/dreptroman.ro\/index.php?rest_route=\/wp\/v2\/pages"}],"about":[{"href":"https:\/\/dreptroman.ro\/index.php?rest_route=\/wp\/v2\/types\/page"}],"author":[{"embeddable":true,"href":"https:\/\/dreptroman.ro\/index.php?rest_route=\/wp\/v2\/users\/1"}],"replies":[{"embeddable":true,"href":"https:\/\/dreptroman.ro\/index.php?rest_route=%2Fwp%2Fv2%2Fcomments&post=2191"}],"version-history":[{"count":61,"href":"https:\/\/dreptroman.ro\/index.php?rest_route=\/wp\/v2\/pages\/2191\/revisions"}],"predecessor-version":[{"id":4393,"href":"https:\/\/dreptroman.ro\/index.php?rest_route=\/wp\/v2\/pages\/2191\/revisions\/4393"}],"up":[{"embeddable":true,"href":"https:\/\/dreptroman.ro\/index.php?rest_route=\/wp\/v2\/pages\/2142"}],"wp:attachment":[{"href":"https:\/\/dreptroman.ro\/index.php?rest_route=%2Fwp%2Fv2%2Fmedia&parent=2191"}],"curies":[{"name":"wp","href":"https:\/\/api.w.org\/{rel}","templated":true}]}}