{"id":2181,"date":"2017-06-22T13:04:03","date_gmt":"2017-06-22T10:04:03","guid":{"rendered":"http:\/\/dreptroman.ro\/?page_id=2181"},"modified":"2023-02-13T10:34:33","modified_gmt":"2023-02-13T07:34:33","slug":"precursori","status":"publish","type":"page","link":"https:\/\/dreptroman.ro\/?page_id=2181","title":{"rendered":"Precursori"},"content":{"rendered":"<p>Antecesori la Catedra de Drept civil &#8211; Succesiuni \u0219i liberalit\u0103\u021bi a Facult\u0103\u021bii de Drept din Cluj-Napoca:<\/p>\n<p>&#8211; Salvator Br\u0103deanu (?-1949).<\/p>\n<p>Publica\u021bii importante: <em>Curs de drept civil anul III licen\u021b\u0103: Succesiunile \u0219i dona\u021biunile<\/em>, Cluj 1948<\/p>\n<p>&#8211; Aurelian Iona\u0219cu (1949-1954).<\/p>\n<p>Publica\u021bii importante: <em>Curs de drept civil rom\u00e2n.\u00a0<\/em>Vol. V: R<em>egimurile matrimoniale \u0219i succesiunea legal\u0103<\/em>, Cluj 1946;\u00a0<em>Succesiunile<\/em>, UTM, Cluj-Napoca 1949\/1950<\/p>\n<p>&#8211; Vladimir Hanga (1954-1965)<\/p>\n<p>Publica\u021bii importante: <em>Curs de drept civil (Succesiuni). Note<\/em>, Cluj-Napoca 1959<\/p>\n<p>&#8211; Ioan Albu (1965-1973)<\/p>\n<p>&#8211; Ioan Zinveliu (1973-1988).<\/p>\n<p>Publica\u021bii importante: <em>Dreptul la mo\u015ftenire \u00een Republica Socialist\u0103 Rom\u00e2nia<\/em>, Cluj-Napoca 1975<\/p>\n<p>&#8211; Liviu Pop (1988-1991)<\/p>\n<p>&#8211; Romulus Gidro (1991-1993)<\/p>\n<p>&#8211; Dan Chiric\u0103 (1993-2017)<\/p>\n<p>Publica\u021bii importante: <em>Drept civil. Succesiuni \u0219i testamente<\/em>, Bucure\u0219ti 2003; <em>Tratat de drept civil. Succesiuni \u0219i liberalit\u0103\u021bi<\/em>, Bucure\u0219ti, 2017<\/p>\n","protected":false},"excerpt":{"rendered":"<p>Antecesori la Catedra de Drept civil &#8211; Succesiuni \u0219i liberalit\u0103\u021bi a Facult\u0103\u021bii de Drept din Cluj-Napoca: &#8211; Salvator Br\u0103deanu (?-1949). Publica\u021bii importante: Curs de drept civil anul III licen\u021b\u0103: Succesiunile \u0219i dona\u021biunile, Cluj 1948 &#8211; Aurelian Iona\u0219cu (1949-1954). Publica\u021bii importante: Curs de drept civil rom\u00e2n.\u00a0Vol. V: Regimurile matrimoniale \u0219i succesiunea legal\u0103, Cluj 1946;\u00a0Succesiunile, UTM, Cluj-Napoca [&hellip;]<\/p>\n","protected":false},"author":1,"featured_media":0,"parent":2142,"menu_order":6,"comment_status":"closed","ping_status":"closed","template":"","meta":{"_bbp_topic_count":0,"_bbp_reply_count":0,"_bbp_total_topic_count":0,"_bbp_total_reply_count":0,"_bbp_voice_count":0,"_bbp_anonymous_reply_count":0,"_bbp_topic_count_hidden":0,"_bbp_reply_count_hidden":0,"_bbp_forum_subforum_count":0,"footnotes":""},"class_list":["post-2181","page","type-page","status-publish","hentry"],"_links":{"self":[{"href":"https:\/\/dreptroman.ro\/index.php?rest_route=\/wp\/v2\/pages\/2181","targetHints":{"allow":["GET"]}}],"collection":[{"href":"https:\/\/dreptroman.ro\/index.php?rest_route=\/wp\/v2\/pages"}],"about":[{"href":"https:\/\/dreptroman.ro\/index.php?rest_route=\/wp\/v2\/types\/page"}],"author":[{"embeddable":true,"href":"https:\/\/dreptroman.ro\/index.php?rest_route=\/wp\/v2\/users\/1"}],"replies":[{"embeddable":true,"href":"https:\/\/dreptroman.ro\/index.php?rest_route=%2Fwp%2Fv2%2Fcomments&post=2181"}],"version-history":[{"count":12,"href":"https:\/\/dreptroman.ro\/index.php?rest_route=\/wp\/v2\/pages\/2181\/revisions"}],"predecessor-version":[{"id":3700,"href":"https:\/\/dreptroman.ro\/index.php?rest_route=\/wp\/v2\/pages\/2181\/revisions\/3700"}],"up":[{"embeddable":true,"href":"https:\/\/dreptroman.ro\/index.php?rest_route=\/wp\/v2\/pages\/2142"}],"wp:attachment":[{"href":"https:\/\/dreptroman.ro\/index.php?rest_route=%2Fwp%2Fv2%2Fmedia&parent=2181"}],"curies":[{"name":"wp","href":"https:\/\/api.w.org\/{rel}","templated":true}]}}