{"id":2142,"date":"2017-06-21T19:08:25","date_gmt":"2017-06-21T16:08:25","guid":{"rendered":"http:\/\/dreptroman.ro\/?page_id=2142"},"modified":"2024-02-21T17:14:26","modified_gmt":"2024-02-21T14:14:26","slug":"succesiuni-si-liberalitati","status":"publish","type":"page","link":"https:\/\/dreptroman.ro\/?page_id=2142","title":{"rendered":"Licen\u021b\u0103"},"content":{"rendered":"<p><\/p>\n<p><em><strong>Date&nbsp;esen\u021biale<\/strong>:<\/em><\/p>\n<p>Titlul materiei: Drept civil &#8211; Succesiuni \u0219i liberalit\u0103\u021bi<\/p>\n<p>Cod: DD 3219<\/p>\n<p>Tip: fundamental\u0103, obligatorie<\/p>\n<p>Forma de verificare: examen<\/p>\n<p>Durata studiilor: semestrul 2 din anul III licen\u021b\u0103<\/p>\n<p>Num\u0103r&nbsp;de ore: 2 ore de curs \u0219i 2 ore de seminar s\u0103pt\u0103m\u00e2nal<\/p>\n\n\n<p><\/p>\n\n\n\n<p><strong><em>Obiect de studiu<\/em><\/strong>: consecin\u021bele pecuniare ale decesului unei persoane, \u00eencerc\u00e2nd s\u0103 r\u0103spund\u0103 la c\u00e2teva \u00eentreb\u0103ri practice:<\/p>\n\n\n\n<p>&#8211; cui \u00eei va reveni averea unei persoane decedate = cine mo\u0219tene\u0219te \u0219i cum se \u00eempart bunurile intre mo\u0219tenitori?<\/p>\n\n\n\n<p>&#8211; ce etape trebuie parcurse, pentru ca averea defunctului s\u0103 ajung\u0103 la mo\u0219tenitori = cum opereaz\u0103 transmisiunea succesoral\u0103?<\/p>\n\n\n\n<p>&#8211; ce obliga\u021bii au mo\u0219tenitorii = cine \u0219i cum suport\u0103 pasivul succesoral? <\/p>\n\n\n\n<p><\/p>\n\n\n\n<p><em><strong>Detalii<\/strong><\/em>&nbsp;&#8211;&nbsp;consulta\u021bi&nbsp;sec\u021biunile&nbsp;<a rel=\"noreferrer noopener\" aria-label=\"Bibliografie (se deschide \u00eentr-o fil\u0103 nou\u0103)\" href=\"https:\/\/dreptroman.ro\/?page_id=2191\" target=\"_blank\">Bibliografie<\/a>,&nbsp;<a rel=\"noreferrer noopener\" aria-label=\"Programare cursuri (se deschide \u00eentr-o fil\u0103 nou\u0103)\" href=\"https:\/\/dreptroman.ro\/?page_id=2198\" target=\"_blank\">Programare cursuri<\/a> \u0219i <a href=\"https:\/\/dreptroman.ro\/?page_id=2201\" target=\"_blank\" rel=\"noreferrer noopener\" aria-label=\"Programare seminare (se deschide \u00eentr-o fil\u0103 nou\u0103)\">Programare seminare<\/a><\/p>\n","protected":false},"excerpt":{"rendered":"<p>Date&nbsp;esen\u021biale: Titlul materiei: Drept civil &#8211; Succesiuni \u0219i liberalit\u0103\u021bi Cod: DD 3219 Tip: fundamental\u0103, obligatorie Forma de verificare: examen Durata studiilor: semestrul 2 din anul III licen\u021b\u0103 Num\u0103r&nbsp;de ore: 2 ore de curs \u0219i 2 ore de seminar s\u0103pt\u0103m\u00e2nal Obiect de studiu: consecin\u021bele pecuniare ale decesului unei persoane, \u00eencerc\u00e2nd s\u0103 r\u0103spund\u0103 la c\u00e2teva \u00eentreb\u0103ri practice: [&hellip;]<\/p>\n","protected":false},"author":1,"featured_media":0,"parent":541,"menu_order":1,"comment_status":"closed","ping_status":"closed","template":"","meta":{"_bbp_topic_count":0,"_bbp_reply_count":0,"_bbp_total_topic_count":0,"_bbp_total_reply_count":0,"_bbp_voice_count":0,"_bbp_anonymous_reply_count":0,"_bbp_topic_count_hidden":0,"_bbp_reply_count_hidden":0,"_bbp_forum_subforum_count":0,"footnotes":""},"class_list":["post-2142","page","type-page","status-publish","hentry"],"_links":{"self":[{"href":"https:\/\/dreptroman.ro\/index.php?rest_route=\/wp\/v2\/pages\/2142","targetHints":{"allow":["GET"]}}],"collection":[{"href":"https:\/\/dreptroman.ro\/index.php?rest_route=\/wp\/v2\/pages"}],"about":[{"href":"https:\/\/dreptroman.ro\/index.php?rest_route=\/wp\/v2\/types\/page"}],"author":[{"embeddable":true,"href":"https:\/\/dreptroman.ro\/index.php?rest_route=\/wp\/v2\/users\/1"}],"replies":[{"embeddable":true,"href":"https:\/\/dreptroman.ro\/index.php?rest_route=%2Fwp%2Fv2%2Fcomments&post=2142"}],"version-history":[{"count":17,"href":"https:\/\/dreptroman.ro\/index.php?rest_route=\/wp\/v2\/pages\/2142\/revisions"}],"predecessor-version":[{"id":4021,"href":"https:\/\/dreptroman.ro\/index.php?rest_route=\/wp\/v2\/pages\/2142\/revisions\/4021"}],"up":[{"embeddable":true,"href":"https:\/\/dreptroman.ro\/index.php?rest_route=\/wp\/v2\/pages\/541"}],"wp:attachment":[{"href":"https:\/\/dreptroman.ro\/index.php?rest_route=%2Fwp%2Fv2%2Fmedia&parent=2142"}],"curies":[{"name":"wp","href":"https:\/\/api.w.org\/{rel}","templated":true}]}}