{"id":1925,"date":"2016-10-06T16:10:50","date_gmt":"2016-10-06T16:10:50","guid":{"rendered":"http:\/\/dreptroman.ro\/?page_id=1925"},"modified":"2023-12-10T15:16:38","modified_gmt":"2023-12-10T12:16:38","slug":"curs-xi","status":"publish","type":"page","link":"https:\/\/dreptroman.ro\/?page_id=1925","title":{"rendered":"Curs XI"},"content":{"rendered":"<p><span style=\"text-decoration: underline;\">Texte de lucru<\/span>:&nbsp;<\/p>\n<div>&nbsp;<\/div>\n<div>\n<div>&nbsp;<\/div>\n<\/div>\n\n\n<p><strong>Gaius III.90-91<\/strong><\/p>\n\n\n\n<p>Prin remiterea lucrului, precum la darea unui \u00eemprumut, se contracteaz\u0103 o obliga\u021bie real\u0103 (<em>re<\/em>). Darea cu \u00eemprumut, propriu vorbind, are de obicei ca obiect lucruri din categoria celor care se c\u00e2nt\u0103resc, se num\u0103r\u0103 sau se m\u0103soar\u0103, precum banii num\u0103ra\u021bi, vinul, uleiul, gr\u00e2ul, arama, argintul, aurul. Aceste lucruri noi le d\u0103m num\u0103r\u00e2ndu-le, m\u0103sur\u00e2ndu-le sau c\u00e2nt\u0103rindu-le, cu g\u00e2ndul ca s\u0103 devin\u0103 ale celor care le primesc \u0219i s\u0103 ne fie restituite c\u00e2ndva \u2013 nu chiar acelea\u0219i, ci altele de aceea\u0219i natur\u0103. De aceea i s-a dat numele de&nbsp;<em>mutuum<\/em>, fiindc\u0103 ceea ce \u021bi-a fost dat de mine devine din al meu al t\u0103u (<em>ex meo tuum fit<\/em>).<\/p>\n\n\n\n<p>Dar \u0219i acela, care a primit un lucru nedatorat de la cineva care i l-a pl\u0103tit din eroare, este obligat&nbsp;<em>re<\/em>; c\u0103ci unuia ca acesta i se poate pretinde restituirea \u201edac\u0103 se constat\u0103 c\u0103 trebuie s\u0103 dea\u201d, \u00eentocmai ca \u0219i cum ar fi contractat un \u00eemprumut. [\u2026] Se vede clar cum acest fel de obliga\u021bie nu decurge din contract, c\u0103ci cel care d\u0103 cu g\u00e2ndul c\u0103 se achit\u0103 vrea mai degrab\u0103 s\u0103 scape de o obliga\u021bie, dec\u00e2t s\u0103 contracteze o alta.<\/p>\n\n\n\n<p><strong>Codul civil 2009<\/strong><\/p>\n\n\n\n<p><strong>Art. 2103<\/strong>: (2) Remiterea bunului este o condi\u0163ie pentru \u00eencheierea valabil\u0103 a contractului de depozit, cu excep\u0163ia cazului c\u00e2nd depozitarul de\u0163ine deja bunul cu alt titlu.<\/p>\n\n\n\n<p><strong>Art. 2481<\/strong>: (1) Gajul se constituie prin remiterea bunului sau titlului c\u0103tre creditor sau, dup\u0103 caz, prin p\u0103strarea acestuia de c\u0103tre creditor, cu consim\u0163\u0103m\u00e2ntul debitorului, \u00een scopul garant\u0103rii crean\u0163ei.<\/p>\n\n\n\n<p>(2) Gajul asupra titlurilor negociabile se constituie, \u00een cazul titlurilor nominative sau la purt\u0103tor, prin remiterea acestora, iar \u00een cazul titlurilor la ordin, prin andosarea acestora, \u00een scop de garan\u0163ie.<\/p>\n\n\n\n<p><strong>art. 1011<\/strong>&nbsp;darul manual,&nbsp;<strong>art. 2146<\/strong>&nbsp;comodatul \u015fi&nbsp;<strong>art. 2158<\/strong>&nbsp;mutuum<\/p>\n\n\n\n<p><strong>Paul, Dig. XII.1.2 pr.<\/strong><\/p>\n\n\n\n<p>C\u00e2nd d\u0103m un&nbsp;<em>mutuum<\/em>, nu o facem pentru a primi \u00eenapoi acela\u0219i bun ce \u00eel d\u0103dusem (c\u0103ci atunci va fi comodat sau depozit), ci un bun de acela\u0219i gen; de exemplu, dac\u0103 primim vin \u00een loc de gr\u00e2ne, nu va fi un&nbsp;<em>mutuum<\/em>.<\/p>\n\n\n\n<p>&#8211; varia\u0163iuni:<\/p>\n\n\n\n<p>a)&nbsp;<strong>Ulpian, Dig. XII.1.15<\/strong>: Maevius \u2014\u2014\u2014 Titius \u203a\u203a\u203a Caius \u2192 Maevius \u2014\u2014\u2014 Caius<\/p>\n\n\n\n<p>b)&nbsp;<strong>Ulpian, Dig. XVII.1.10.4<\/strong>:&nbsp;Maevius \u2014\u2014\u2014 Caius; Maevius\u2192 Titius \u2039\u2039\u2039 Caius<\/p>\n\n\n\n<p>c)&nbsp;<strong>Ulpian, Dig. XII.1.11 pr.<\/strong>: Mi-ai cerut s\u0103-\u021bi \u00eemprumut bani. Cum nu aveam, \u021bi-am dat o tav\u0103 sau o mas\u0103 de aur, pentru a le vinde \u0219i a dispune de bani. Dac\u0103 ai v\u00e2ndut obiectul, cred c\u0103 este vorba de un \u00eemprumut.<\/p>\n\n\n\n<p>d)&nbsp;<strong>Gaius, Dig. XLI.1.9.5<\/strong>: C\u00e2teodat\u0103 singur\u0103 voin\u021ba, f\u0103r\u0103 a fi nevoie de tradi\u021biune, este de ajuns pentru a transfera bunul dac\u0103, de exemplu, \u00ee\u021bi v\u00e2nd lucrul \u00eemprumutat, \u00eenchiriat sau depozitat la tine: \u00een aceast\u0103 situa\u021bie, \u00ee\u021bi transfer proprietatea pur \u0219i simplu l\u0103s\u00e2ndu-\u021bi-o cu titlu de v\u00e2nzare, de\u0219i o primise\u0219i cu alt titlu.<\/p>\n\n\n\n<p><strong>Ulpian, Dig. VI.2.9.1<\/strong><\/p>\n\n\n\n<p>Dac\u0103 cineva cump\u0103r\u0103 un lucru ce i-a fost dat \u00een depozit sau remis \u00een comodat ori \u00een gaj, \u00eei va fi dob\u00e2ndit prin tradi\u021biune dac\u0103 r\u0103m\u00e2ne la el dup\u0103 cump\u0103rare.<\/p>\n\n\n\n<p><strong>Ulpian, Dig. XII.1.15<\/strong><\/p>\n\n\n\n<p>Exist\u0103 c\u00e2teva particularit\u0103\u021bi \u00een materie de \u00eemprumut b\u0103nesc. C\u0103ci atunci c\u00e2nd ordonez debitorului meu s\u0103-\u021bi transfere bani, e\u0219ti obligat fa\u021b\u0103 de mine chiar dac\u0103 nu banii mei sunt cei pe care i-ai primit. Ceea ce este valabil pentru dou\u0103 persoane trebuie s\u0103 fie valabil \u0219i pentru o una \u0219i aceea\u0219i persoan\u0103: astfel, c\u00e2nd tu \u00eemi datorezi bani \u00een virtutea unui mandat \u0219i convenim s\u0103-i re\u021bii cu titlu de \u00eemprumut, eu sunt considerat a fi primit banii \u0219i a \u021bi-i fi dat.<\/p>\n\n\n\n<p><strong>Codul civil 2009<\/strong><\/p>\n\n\n\n<p><strong>Art. 2159<\/strong>. \u00cen lipsa unei stipula\u021bii contrare, \u00eemprumutul se prezum\u0103 a fi cu titlu gratuit.<\/p>\n\n\n\n<p>[\u2026] p\u00e2n\u0103 la proba contrar\u0103, \u00eemprumutul care are ca obiect o sum\u0103 de bani se prezum\u0103 a fi cu titlu oneros.<\/p>\n\n\n\n<p>&#8211;&nbsp;<em>foenus, usura<\/em><\/p>\n\n\n\n<p><strong>Ulpian, Dig. XII.1.9.3<\/strong><\/p>\n\n\n\n<p>De vreme ce ac\u021biunea de tip&nbsp;<em>condictio<\/em>&nbsp;cu un obiect cert este dat\u0103 \u00een virtutea a tot felul de contracte, fie c\u0103 sunt \u00eentemeiate pe restituirea bunului sau pe solemnitatea cuvintelor ori \u0219i pe una \u0219i pe cealalt\u0103 [\u2026].<\/p>\n\n\n\n<p><strong>Modestin, Dig. XXII.2.1<\/strong>Este numit\u0103 itinerant\u0103 suma de bani care este transportat\u0103 pe mare: de altfel, dac\u0103 este cheltuit\u0103 pe loc, nu va fi considerat\u0103 ca bani itineran\u021bi. Dar oare m\u0103rfurile cump\u0103rate cu ace\u0219ti bani sunt \u00een aceea\u0219i situa\u021bie? Important este de a \u0219ti dac\u0103 acele m\u0103rfuri c\u0103l\u0103toresc pe riscul creditorului: \u00een acest caz, ele constituie bani itineran\u021bi.<\/p>\n","protected":false},"excerpt":{"rendered":"<p>Texte de lucru:&nbsp; &nbsp; &nbsp; Gaius III.90-91 Prin remiterea lucrului, precum la darea unui \u00eemprumut, se contracteaz\u0103 o obliga\u021bie real\u0103 (re). Darea cu \u00eemprumut, propriu vorbind, are de obicei ca obiect lucruri din categoria celor care se c\u00e2nt\u0103resc, se num\u0103r\u0103 sau se m\u0103soar\u0103, precum banii num\u0103ra\u021bi, vinul, uleiul, gr\u00e2ul, arama, argintul, aurul. Aceste lucruri noi [&hellip;]<\/p>\n","protected":false},"author":1,"featured_media":0,"parent":609,"menu_order":11,"comment_status":"closed","ping_status":"closed","template":"","meta":{"_bbp_topic_count":0,"_bbp_reply_count":0,"_bbp_total_topic_count":0,"_bbp_total_reply_count":0,"_bbp_voice_count":0,"_bbp_anonymous_reply_count":0,"_bbp_topic_count_hidden":0,"_bbp_reply_count_hidden":0,"_bbp_forum_subforum_count":0,"footnotes":""},"class_list":["post-1925","page","type-page","status-publish","hentry"],"_links":{"self":[{"href":"https:\/\/dreptroman.ro\/index.php?rest_route=\/wp\/v2\/pages\/1925","targetHints":{"allow":["GET"]}}],"collection":[{"href":"https:\/\/dreptroman.ro\/index.php?rest_route=\/wp\/v2\/pages"}],"about":[{"href":"https:\/\/dreptroman.ro\/index.php?rest_route=\/wp\/v2\/types\/page"}],"author":[{"embeddable":true,"href":"https:\/\/dreptroman.ro\/index.php?rest_route=\/wp\/v2\/users\/1"}],"replies":[{"embeddable":true,"href":"https:\/\/dreptroman.ro\/index.php?rest_route=%2Fwp%2Fv2%2Fcomments&post=1925"}],"version-history":[{"count":31,"href":"https:\/\/dreptroman.ro\/index.php?rest_route=\/wp\/v2\/pages\/1925\/revisions"}],"predecessor-version":[{"id":3901,"href":"https:\/\/dreptroman.ro\/index.php?rest_route=\/wp\/v2\/pages\/1925\/revisions\/3901"}],"up":[{"embeddable":true,"href":"https:\/\/dreptroman.ro\/index.php?rest_route=\/wp\/v2\/pages\/609"}],"wp:attachment":[{"href":"https:\/\/dreptroman.ro\/index.php?rest_route=%2Fwp%2Fv2%2Fmedia&parent=1925"}],"curies":[{"name":"wp","href":"https:\/\/api.w.org\/{rel}","templated":true}]}}