{"id":1890,"date":"2016-10-06T15:54:37","date_gmt":"2016-10-06T15:54:37","guid":{"rendered":"http:\/\/dreptroman.ro\/?page_id=1890"},"modified":"2025-10-27T11:17:48","modified_gmt":"2025-10-27T08:17:48","slug":"curs-v","status":"publish","type":"page","link":"https:\/\/dreptroman.ro\/?page_id=1890","title":{"rendered":"Curs V"},"content":{"rendered":"<p><span style=\"text-decoration: underline;\">Texte de lucru<\/span>&nbsp;<\/p>\n<\/p>\n\n\n<p><strong>Ulpian, Dig. 2.14.1.3<\/strong><\/p>\n\n\n\n<p>&#8222;Cuv\u00e2ntul \u201econven\u0163ie\u201d are un \u00een\u0163eles general, ce prive\u015fte tot ceea ce este obiect al unei contract\u0103ri sau al unei tranzac\u0163ii \u00eentre p\u0103r\u0163i. \u00centr-adev\u0103r, la fel cum utiliz\u0103m cuv\u00e2ntul \u201e\u00eent\u00e2lnire\u201d pentru a desemna pe cei care se reunesc \u00een acela\u015fi loc venind din locuri diferite, la fel se unesc \u00eentr-o aceea\u015fi decizie voin\u0163ele celor ce consimt&#8221;.<\/p>\n\n\n\n<p><strong>Codul civil 2011<\/strong><\/p>\n\n\n\n<p>Art. 1166 \u2013 <strong>No\u0163iune<\/strong>. \u201eContractul este acordul de voin\u0163e dintre dou\u0103 sau mai multe persoane cu inten\u0163ia de a constitui, modifica sau stinge un raport juridic\u201d.<\/p>\n\n\n\n<p><strong>Ulpian, Dig. 2.14.1 pr.<\/strong><\/p>\n\n\n\n<p>&#8222;Ce anume corespunde mai bine \u00eencrederii omene\u015fti dec\u00e2t faptul de a ne \u0163ine de ceea ce reciproc ne-am promis?&#8221;<\/p>\n\n\n\n<p><strong>Codul civil 2011<\/strong><\/p>\n\n\n\n<p>Art. 14 \u2013 <strong>Buna credin\u0163\u0103<\/strong>. (1) Orice persoan\u0103 fizic\u0103 sau persoan\u0103 juridic\u0103 trebuie s\u0103 \u00ee\u015fi exercite drepturile \u015fi s\u0103 \u00ee\u015fi execute obliga\u0163iile civile cu bun\u0103-credin\u0163\u0103, \u00een acord cu ordinea public\u0103 \u015fi bunele moravuri.<\/p>\n\n\n\n<p>Art. 1170 \u2013 <strong>Buna credin\u0163\u0103<\/strong>. P\u0103r\u0163ile trebuie s\u0103 ac\u0163ioneze cu bun\u0103-credin\u0163\u0103 at\u00e2t la negocierea \u015fi \u00eencheierea contractului, c\u00e2t \u015fi pe tot timpul execut\u0103rii sale. Ele nu pot \u00eenl\u0103tura sau limita aceast\u0103 obliga\u0163ie.<\/p>\n\n\n\n<p><strong>Pomponius,&nbsp;Dig. 12.6.14<\/strong><\/p>\n\n\n\n<p>&#8222;St\u0103 \u00een natura lucrurilor ca nimeni s\u0103 nu se \u00eembog\u0103\u0163easc\u0103 \u00een dauna altuia&#8221;.<\/p>\n\n\n\n<p><strong>Papinian,&nbsp;Dig. 12.6.66<\/strong><\/p>\n\n\n\n<p>&#8222;Aceast\u0103 ac\u0163iune \u00een restituire, fondat\u0103 pe ceea ce este bine \u015fi echitabil, a constituit modul uzual de recuperare a ceea ce apar\u0163inea unuia dar era re\u0163inut f\u0103r\u0103 temei de un altul&#8221;.<\/p>\n\n\n\n<p><strong>Codul civil 2011<\/strong><\/p>\n\n\n\n<p>Art. 1345 &#8211; <strong>Condi\u0163ii.<\/strong>&nbsp;Cel care, \u00een mod neimputabil, s-a \u00eembog\u0103\u0163it f\u0103r\u0103 just\u0103 cauz\u0103 \u00een detrimentul altuia este obligat la restituire [\u2026].<\/p>\n\n\n\n<p><\/p>\n\n\n\n<p><em><strong>Damnum iniuria datum<\/strong><\/em><\/p>\n\n\n\n<p><strong>Mucius Scaevola,&nbsp;Dig. 9.2.31<\/strong><\/p>\n\n\n\n<p>&#8221; &#8230; este neglijent cel care produce un prejudiciu altuia \u00een condi\u0163iile \u00een care, dac\u0103 ar fi fost diligent (grijuliu, precaut), ar fi putut evita consecin\u0163a&#8221;.<\/p>\n\n\n\n<p><strong>Codul civil 2011<\/strong><\/p>\n\n\n\n<p>Art. 1357 \u2013 <strong>Condi\u0163iile r\u0103spunderii<\/strong>. (1) Cel care cauzeaz\u0103 altuia un prejudiciu printr-o fapt\u0103 ilicit\u0103, s\u0103v\u00e2r\u015fit\u0103 cu vinov\u0103\u0163ie, este obligat s\u0103 \u00eel repare.<\/p>\n\n\n\n<p>(2) Autorul prejudiciului r\u0103spunde pentru cea mai u\u015foar\u0103 culp\u0103.<\/p>\n\n\n\n<p><strong>Paul,&nbsp;<em>Sent&nbsp;<\/em>2.14.1<\/strong><\/p>\n\n\n\n<p>Dintr\u2011un pact (acord de voin\u021b\u0103) nu se na\u0219te o ac\u021biune.<\/p>\n\n\n\n<p><strong>Ulpian, Dig. 2.14.7.4<\/strong><\/p>\n\n\n\n<p>Simplul pact nu creeaz\u0103 o obliga\u021bie.<\/p>\n\n\n\n<p><strong>Gaius<\/strong> <strong>3.102<\/strong><\/p>\n\n\n\n<p>Tot invalid\u0103 este o stipula\u021bie \u0219i c\u00e2nd cineva nu a r\u0103spuns exact la ce a fost \u00eentrebat,&nbsp;<em>e.g.<\/em>, c\u00e2nd eu am stipulat de la tine s\u0103 mi se dea 10.000 de sester\u021bi \u0219i tu mi\u2011ai promis 5.000; sau dac\u0103 eu am stipulat pur \u0219i simplu, iar tu mi\u2011ai promis sub o condi\u021bie.<\/p>\n\n\n\n<p><strong>Ulpian, Dig. 45.1.1.3<\/strong><\/p>\n\n\n\n<p>Dac\u0103 cineva a fost pur \u0219i simplu \u00eentrebat \u0219i r\u0103spunde ad\u0103ug\u00e2nd condi\u021bia \u201edac\u0103 se face cutare lucru, atunci voi da\u201d, este sigur c\u0103 nu este obligat. Sau dac\u0103, fiind \u00eentrebat \u201e(vei da) \u00eenainte celei de\u2011a cincea calende?\u201d, r\u0103spunde \u201ela Ide\u201d, nu este nici atunci obligat. Pentru c\u0103 nu a r\u0103spuns la fel cum a fost \u00eentrebat.<\/p>\n\n\n\n<p><strong>Gaius III.90-91<\/strong><\/p>\n\n\n\n<p>Prin remiterea lucrului, precum la darea unui \u00eemprumut, se contracteaz\u0103 o obliga\u021bie real\u0103 (<em>re<\/em>). Darea cu \u00eemprumut, propriu vorbind, are de obicei ca obiect lucruri din categoria celor care se c\u00e2nt\u0103resc, se num\u0103r\u0103 sau se m\u0103soar\u0103, precum banii num\u0103ra\u021bi, vinul, uleiul, gr\u00e2ul, arama, argintul, aurul. Aceste lucruri noi le d\u0103m num\u0103r\u00e2ndu-le, m\u0103sur\u00e2ndu-le sau c\u00e2nt\u0103rindu-le, cu g\u00e2ndul ca s\u0103 devin\u0103 ale celor care le primesc \u0219i s\u0103 ne fie restituite c\u00e2ndva \u2013 nu chiar acelea\u0219i, ci altele de aceea\u0219i natur\u0103. De aceea i s-a dat numele de&nbsp;<em>mutuum<\/em>, fiindc\u0103 ceea ce \u021bi-a fost dat de mine devine din al meu al t\u0103u (<em>ex meo tuum fit<\/em>).<\/p>\n\n\n\n<p>Dar \u0219i acela, care a primit un lucru nedatorat de la cineva care i l-a pl\u0103tit din eroare, este obligat&nbsp;<em>re<\/em>; c\u0103ci unuia ca acesta i se poate pretinde restituirea \u201edac\u0103 se constat\u0103 c\u0103 trebuie s\u0103 dea\u201d, \u00eentocmai ca \u0219i cum ar fi contractat un \u00eemprumut. [\u2026] Se vede clar cum acest fel de obliga\u021bie nu decurge din contract, c\u0103ci cel care d\u0103 cu g\u00e2ndul c\u0103 se achit\u0103 vrea mai degrab\u0103 s\u0103 scape de o obliga\u021bie, dec\u00e2t s\u0103 contracteze o alta.<\/p>\n\n\n\n<p><strong>Gaius III.182<\/strong><\/p>\n\n\n\n<p>S\u0103 trecem acum la obliga\u021biile care se nasc din delicte, precum: dac\u0103 cineva a s\u0103v\u00e2r\u0219it un furt, a luat prin jaf bunurile altuia, a pricinuit pagube sau a adus o injurie. Obliga\u021bii ce decurg din toate aceste fapte sunt de un singur fel, pe c\u00e2nd obliga\u021biile contractuale sunt de patru feluri, a\u0219a cum s\u2011a ar\u0103tat mai sus<\/p>\n","protected":false},"excerpt":{"rendered":"<p>Texte de lucru&nbsp; Ulpian, Dig. 2.14.1.3 &#8222;Cuv\u00e2ntul \u201econven\u0163ie\u201d are un \u00een\u0163eles general, ce prive\u015fte tot ceea ce este obiect al unei contract\u0103ri sau al unei tranzac\u0163ii \u00eentre p\u0103r\u0163i. \u00centr-adev\u0103r, la fel cum utiliz\u0103m cuv\u00e2ntul \u201e\u00eent\u00e2lnire\u201d pentru a desemna pe cei care se reunesc \u00een acela\u015fi loc venind din locuri diferite, la fel se unesc \u00eentr-o [&hellip;]<\/p>\n","protected":false},"author":1,"featured_media":0,"parent":609,"menu_order":5,"comment_status":"closed","ping_status":"closed","template":"","meta":{"_bbp_topic_count":0,"_bbp_reply_count":0,"_bbp_total_topic_count":0,"_bbp_total_reply_count":0,"_bbp_voice_count":0,"_bbp_anonymous_reply_count":0,"_bbp_topic_count_hidden":0,"_bbp_reply_count_hidden":0,"_bbp_forum_subforum_count":0,"footnotes":""},"class_list":["post-1890","page","type-page","status-publish","hentry"],"_links":{"self":[{"href":"https:\/\/dreptroman.ro\/index.php?rest_route=\/wp\/v2\/pages\/1890","targetHints":{"allow":["GET"]}}],"collection":[{"href":"https:\/\/dreptroman.ro\/index.php?rest_route=\/wp\/v2\/pages"}],"about":[{"href":"https:\/\/dreptroman.ro\/index.php?rest_route=\/wp\/v2\/types\/page"}],"author":[{"embeddable":true,"href":"https:\/\/dreptroman.ro\/index.php?rest_route=\/wp\/v2\/users\/1"}],"replies":[{"embeddable":true,"href":"https:\/\/dreptroman.ro\/index.php?rest_route=%2Fwp%2Fv2%2Fcomments&post=1890"}],"version-history":[{"count":24,"href":"https:\/\/dreptroman.ro\/index.php?rest_route=\/wp\/v2\/pages\/1890\/revisions"}],"predecessor-version":[{"id":4327,"href":"https:\/\/dreptroman.ro\/index.php?rest_route=\/wp\/v2\/pages\/1890\/revisions\/4327"}],"up":[{"embeddable":true,"href":"https:\/\/dreptroman.ro\/index.php?rest_route=\/wp\/v2\/pages\/609"}],"wp:attachment":[{"href":"https:\/\/dreptroman.ro\/index.php?rest_route=%2Fwp%2Fv2%2Fmedia&parent=1890"}],"curies":[{"name":"wp","href":"https:\/\/api.w.org\/{rel}","templated":true}]}}