{"id":157,"date":"2011-01-03T10:30:00","date_gmt":"2011-01-03T10:30:00","guid":{"rendered":"http:\/\/dreptroman.ro\/?page_id=157"},"modified":"2026-02-19T11:29:57","modified_gmt":"2026-02-19T08:29:57","slug":"examen","status":"publish","type":"page","link":"https:\/\/dreptroman.ro\/?page_id=157","title":{"rendered":"Examen"},"content":{"rendered":"<p><em>\u00cen aceast\u0103\u00a0sec\u021biune apar toate datele referitoare la <strong>organizarea examenului<\/strong> (at\u00e2t pentru studen\u021bii la zi, c\u00e2t \u0219i pentru cei de la ID)<\/em><\/p>\n<h3><span style=\"color: #993300;\"><strong>Tematica examenului<\/strong><\/span><\/h3>\n<p><strong>&#8211; Izvoare\u00a0<\/strong>(f\u0103r\u0103 p. 112-117 Manual)<\/p>\n<p>&#8211; <strong>Procedura de judecat\u0103 <\/strong>(f\u0103r\u0103 Procedura extraordinar\u0103)<\/p>\n<p>&#8211; <strong>Persoane<\/strong>\u00a0<\/p>\n<p>&#8211; <strong>Bunuri\u00a0<\/strong><\/p>\n<p>&#8211; <strong>Succesiuni<\/strong>\u00a0<\/p>\n<p>&#8211; <strong>Obliga\u021bii<\/strong> (f\u0103r\u0103 Contractele nenumite \u0219i f\u0103r\u0103 Pacte &#8211; p. 254-257)<\/p>\n<h3><span style=\"color: #993300;\"><strong>Preg\u0103tirea pentru examen<br \/><\/strong><\/span><\/h3>\n<p>Pentru preg\u0103tirea examenului de Drept Privat Roman se folosesc <strong>cumulativ<\/strong> urm\u0103toarele trei surse:<\/p>\n<p>&#8211; materialele tip\u0103rite indicate la sec\u021biunea <a href=\"https:\/\/dreptroman.ro\/?page_id=510\" target=\"_blank\" rel=\"noopener noreferrer\">Bibliografie<\/a>:<\/p>\n<p>&#8211; chestiunile discutate la curs;\u00a0<\/p>\n<p>&#8211; chestiunile discutate la seminare.<\/p>\n<h3><span style=\"color: #993300;\"><strong>Desf\u0103\u0219urarea examenului<\/strong><\/span><\/h3>\n<p>Examenul dureaz\u0103 <strong>30 de minute<\/strong> \u0219i va putea fi sus\u021binut \u00een una din urm\u0103toarele <strong>date:<\/strong><\/p>\n<p><span style=\"text-decoration: underline;\">Studen\u021bii de la Zi<\/span><\/p>\n<p>Sesiunea de examinare din ianuarie-februarie (date comune pentru licen\u021b\u0103 \u0219i ID): \u00a0<\/p>\n<ul>\n<li>\u00a0 20.01.2026, ora 9<\/li>\n<li>\u00a0 2.02.2026, ora 13<\/li>\n<\/ul>\n<p>Restan\u021be: \u00a0 19.02.2026, ora 9<\/p>\n<p>Sesiunea de examinare din toamn\u0103: septembrie 2026\u00a0<\/p>\n<p><span style=\"text-decoration: underline;\">Studen\u021bii de la ID<\/span><\/p>\n<p>Sesiunea de examinare din ianuarie-februarie: acelea\u0219i date cu studen\u021bii de la Zi<\/p>\n<p>Restante: aceea\u0219i dat\u0103 cu studen\u021bii de la Zi<\/p>\n<p>Sesiunea de examinare din toamn\u0103: septembrie 2026<\/p>\n<p><strong>Examenul este scris, tip gril\u0103\u00a0<\/strong>\u0219i va cuprinde dou\u0103 sau trei texte (din Gaius \u0219i din Iustinian), cu 8 grile \u00een total. Grilele vor avea c\u00e2te trei variante de r\u0103spuns, cu 1, 2, 3 sau niciun r\u0103spuns corect posibil.<\/p>\n\n\n<p><strong><span style=\"color:#8b6f13\" class=\"has-inline-color\">Nota final\u0103<\/span> <\/strong>va fi compus\u0103 din urm\u0103toarele:<\/p>\n\n\n\n<p><strong>a) pentru studen\u021bii la forma de \u00eenv\u0103\u021b\u0103m\u00e2nt la zi:<\/strong><\/p>\n\n\n\n<p>&#8211; <strong>1 punct<\/strong> ob\u021binut la <strong>examenul par\u021bial<\/strong> din noiembrie;<\/p>\n\n\n\n<p>&#8211; <strong>8 (opt) puncte<\/strong> ob\u021binute&nbsp;din <strong>proba de examen<\/strong> din sesiune;<\/p>\n\n\n\n<p>&#8211;<strong> 1 punct din oficiu.<\/strong><\/p>\n\n\n\n<p>La punctajul astfel ob\u021binut, se adaug\u0103 eventualele puncte ob\u021binute pe parcursul semestrului prin r\u0103spunsuri la \u00eentreb\u0103ri \u0219i activitate la curs. <\/p>\n\n\n\n<p><strong><strong>b) pentru studen\u021bii la forma de \u00eenv\u0103\u021b\u0103m\u00e2nt I.D.:<\/strong><\/strong> <\/p>\n\n\n\n<p>&#8211;<strong> 3 (trei) puncte,<\/strong> ob\u021binute la referatele 1, 2 \u0219i 3;<\/p>\n\n\n\n<p><strong>&#8211;<\/strong> <strong>1 (un) punct,<\/strong> ob\u021binut prin prezen\u021ba la tutorialul &#8222;fa\u021b\u0103 \u00een fa\u021b\u0103&#8221; sau la referatul 3;<\/p>\n\n\n\n<p>&#8211; <strong>max<\/strong>. <strong>6 (\u0219ase) puncte<\/strong> ob\u021binute&nbsp;din <strong>proba de examen<\/strong> din sesiune;<\/p>\n\n\n\n<p>&#8211; <strong>1 punct din oficiu.<\/strong><\/p>\n\n\n\n<h3 class=\"wp-block-heading\"><strong><span style=\"color:#84482a\" class=\"has-inline-color\">Barem de corectare<\/span><\/strong><\/h3>\n\n\n\n<p><strong>20.1.2026<\/strong> ZI<\/p>\n\n\n\n<p><strong>Var. I<\/strong> A. 1 b 2 a 3 c 4 b B. 1 a 2 abc C. 1 &#8211; 2 b<\/p>\n\n\n\n<p><strong>Var. II<\/strong> A. 1 b 2 a 3 c B. 1 a 2 a C. 1 b 2 &#8211; 3 b<\/p>\n\n\n\n<p>Lucr\u0103rile se pot vedea joi, 22.01, ora 10, biroul 310.<\/p>\n\n\n\n<p><strong>20.1.2026<\/strong> ID <\/p>\n\n\n\n<p>Var. I A. a 2 b B. 1 a 2 abc C. 1 &#8211; 2 b<\/p>\n\n\n\n<p>Var. II A. 1 a 2 c B. 1 a 2 a C. 1 b 2 b<\/p>\n\n\n\n<p>Lucr\u0103rile se pot vedea joi, 22.01, ora 10, biroul 310.<\/p>\n\n\n\n<p><strong>2.02.202<\/strong>6 ZI <\/p>\n\n\n\n<p>var. I si II A. 1b 2 &#8211;  B. 1 a 2 b  C. 1 c 2 bc 3 ab 4 b<\/p>\n\n\n\n<p><strong>2.02.202<\/strong>6 ID <\/p>\n\n\n\n<p>var. I si II  A. 1 b 2 &#8211; B. 1 a 2 b  C. 1 c 2 bc<\/p>\n\n\n\n<p>Lucr\u0103rile se pot vedea vineri, 6.02.2026 ora 10, biroul 310<\/p>\n\n\n\n<p><strong>19.02.2026 <\/strong>ZI: Var. I si II: A. 1. &#8211; 2. bc 3. a 4. &#8211;  B. 1.bc 2. b 3. ac 4. &#8211;<\/p>\n\n\n\n<p><strong>19.02.2026<\/strong> ID: var. I si II: A. 1. &#8211; 2. bc 3. a  B 1. bc 2. b 3. ac<\/p>\n\n\n\n<p>Lucr\u0103rile se pot vedea vineri, 20.02.2026, ora 8 sala 310<\/p>\n\n\n\n<p><\/p>\n\n\n\n<p><\/p>\n","protected":false},"excerpt":{"rendered":"<p>\u00cen aceast\u0103\u00a0sec\u021biune apar toate datele referitoare la organizarea examenului (at\u00e2t pentru studen\u021bii la zi, c\u00e2t \u0219i pentru cei de la ID) Tematica examenului &#8211; Izvoare\u00a0(f\u0103r\u0103 p. 112-117 Manual) &#8211; Procedura de judecat\u0103 (f\u0103r\u0103 Procedura extraordinar\u0103) &#8211; Persoane\u00a0 &#8211; Bunuri\u00a0 &#8211; Succesiuni\u00a0 &#8211; Obliga\u021bii (f\u0103r\u0103 Contractele nenumite \u0219i f\u0103r\u0103 Pacte &#8211; p. 254-257) Preg\u0103tirea pentru examen [&hellip;]<\/p>\n","protected":false},"author":1,"featured_media":0,"parent":538,"menu_order":4,"comment_status":"open","ping_status":"closed","template":"","meta":{"_bbp_topic_count":0,"_bbp_reply_count":0,"_bbp_total_topic_count":0,"_bbp_total_reply_count":0,"_bbp_voice_count":0,"_bbp_anonymous_reply_count":0,"_bbp_topic_count_hidden":0,"_bbp_reply_count_hidden":0,"_bbp_forum_subforum_count":0,"footnotes":""},"class_list":["post-157","page","type-page","status-publish","hentry"],"_links":{"self":[{"href":"https:\/\/dreptroman.ro\/index.php?rest_route=\/wp\/v2\/pages\/157","targetHints":{"allow":["GET"]}}],"collection":[{"href":"https:\/\/dreptroman.ro\/index.php?rest_route=\/wp\/v2\/pages"}],"about":[{"href":"https:\/\/dreptroman.ro\/index.php?rest_route=\/wp\/v2\/types\/page"}],"author":[{"embeddable":true,"href":"https:\/\/dreptroman.ro\/index.php?rest_route=\/wp\/v2\/users\/1"}],"replies":[{"embeddable":true,"href":"https:\/\/dreptroman.ro\/index.php?rest_route=%2Fwp%2Fv2%2Fcomments&post=157"}],"version-history":[{"count":378,"href":"https:\/\/dreptroman.ro\/index.php?rest_route=\/wp\/v2\/pages\/157\/revisions"}],"predecessor-version":[{"id":4385,"href":"https:\/\/dreptroman.ro\/index.php?rest_route=\/wp\/v2\/pages\/157\/revisions\/4385"}],"up":[{"embeddable":true,"href":"https:\/\/dreptroman.ro\/index.php?rest_route=\/wp\/v2\/pages\/538"}],"wp:attachment":[{"href":"https:\/\/dreptroman.ro\/index.php?rest_route=%2Fwp%2Fv2%2Fmedia&parent=157"}],"curies":[{"name":"wp","href":"https:\/\/api.w.org\/{rel}","templated":true}]}}